CRAN Package Check Results for Package trendeval

Last updated on 2022-07-02 01:49:10 CEST.

Flavor Version Tinstall Tcheck Ttotal Status Flags
r-devel-linux-x86_64-debian-clang 0.0.1 1.93 78.35 80.28 NOTE
r-devel-linux-x86_64-debian-gcc 0.0.1 1.77 53.57 55.34 NOTE
r-devel-linux-x86_64-fedora-clang 0.0.1 100.64 NOTE
r-devel-linux-x86_64-fedora-gcc 0.0.1 109.93 NOTE
r-devel-windows-x86_64 0.0.1 10.00 92.00 102.00 NOTE
r-patched-linux-x86_64 0.0.1 2.44 74.84 77.28 NOTE
r-release-linux-x86_64 0.0.1 2.29 73.40 75.69 NOTE
r-release-macos-arm64 0.0.1 28.00 NOTE
r-release-macos-x86_64 0.0.1 46.00 NOTE
r-release-windows-x86_64 0.0.1 16.00 89.00 105.00 NOTE
r-oldrel-macos-arm64 0.0.1 34.00 NOTE
r-oldrel-macos-x86_64 0.0.1 50.00 NOTE
r-oldrel-windows-ix86+x86_64 0.0.1 7.00 104.00 111.00 NOTE

Check Details

Version: 0.0.1
Check: LazyData
Result: NOTE
     'LazyData' is specified without a 'data' directory
Flavors: r-devel-linux-x86_64-debian-clang, r-devel-linux-x86_64-debian-gcc, r-devel-linux-x86_64-fedora-clang, r-devel-linux-x86_64-fedora-gcc, r-devel-windows-x86_64, r-patched-linux-x86_64, r-release-linux-x86_64, r-release-macos-arm64, r-release-macos-x86_64, r-release-windows-x86_64, r-oldrel-macos-arm64, r-oldrel-macos-x86_64, r-oldrel-windows-ix86+x86_64