Last updated on 2025-07-04 01:50:14 CEST.
Flavor | Version | Tinstall | Tcheck | Ttotal | Status | Flags |
---|---|---|---|---|---|---|
r-devel-linux-x86_64-debian-clang | 1.2.1 | 6.29 | 30.75 | 37.04 | NOTE | |
r-devel-linux-x86_64-debian-gcc | 1.2.1 | 3.74 | 24.24 | 27.98 | NOTE | |
r-devel-linux-x86_64-fedora-clang | 1.2.1 | 64.71 | NOTE | |||
r-devel-linux-x86_64-fedora-gcc | 1.2.1 | 54.68 | NOTE | |||
r-devel-windows-x86_64 | 1.2.1 | 10.00 | 53.00 | 63.00 | NOTE | |
r-patched-linux-x86_64 | 1.2.1 | 6.02 | 27.88 | 33.90 | NOTE | |
r-release-linux-x86_64 | 1.2.1 | 5.83 | 27.87 | 33.70 | NOTE | |
r-release-macos-arm64 | 1.2.1 | 30.00 | NOTE | |||
r-release-macos-x86_64 | 1.2.1 | 39.00 | NOTE | |||
r-release-windows-x86_64 | 1.2.1 | 10.00 | 54.00 | 64.00 | NOTE | |
r-oldrel-macos-arm64 | 1.2.1 | 23.00 | NOTE | |||
r-oldrel-macos-x86_64 | 1.2.1 | 31.00 | NOTE | |||
r-oldrel-windows-x86_64 | 1.2.1 | 12.00 | 62.00 | 74.00 | NOTE |
Version: 1.2.1
Check: C++ specification
Result: NOTE
Specified C++11: please drop specification unless essential
Flavors: r-devel-linux-x86_64-debian-clang, r-devel-linux-x86_64-debian-gcc, r-devel-linux-x86_64-fedora-clang, r-devel-linux-x86_64-fedora-gcc, r-devel-windows-x86_64, r-patched-linux-x86_64, r-release-linux-x86_64, r-release-macos-arm64, r-release-macos-x86_64, r-release-windows-x86_64, r-oldrel-macos-arm64, r-oldrel-macos-x86_64, r-oldrel-windows-x86_64