CRAN Package Check Results for Package truthiness

Last updated on 2022-06-30 01:49:22 CEST.

Flavor Version Tinstall Tcheck Ttotal Status Flags
r-devel-linux-x86_64-debian-clang 1.2.5 5.00 93.25 98.25 OK
r-devel-linux-x86_64-debian-gcc 1.2.5 4.22 71.56 75.78 OK
r-devel-linux-x86_64-fedora-clang 1.2.5 120.66 NOTE
r-devel-linux-x86_64-fedora-gcc 1.2.5 106.75 NOTE
r-devel-windows-x86_64 1.2.5 93.00 142.00 235.00 OK
r-patched-linux-x86_64 1.2.5 5.84 89.00 94.84 OK
r-release-linux-x86_64 1.2.5 3.81 88.52 92.33 OK
r-release-macos-arm64 1.2.5 36.00 NOTE
r-release-macos-x86_64 1.2.5 63.00 NOTE
r-release-windows-x86_64 1.2.5 105.00 129.00 234.00 OK
r-oldrel-macos-arm64 1.2.5 44.00 NOTE
r-oldrel-macos-x86_64 1.2.5 71.00 NOTE
r-oldrel-windows-ix86+x86_64 1.2.5 14.00 145.00 159.00 OK

Check Details

Version: 1.2.5
Check: dependencies in R code
Result: NOTE
    Namespaces in Imports field not imported from:
     ‘DT’ ‘ez’ ‘forcats’ ‘ggplot2’
     All declared Imports should be used.
Flavors: r-devel-linux-x86_64-fedora-clang, r-devel-linux-x86_64-fedora-gcc, r-release-macos-arm64, r-release-macos-x86_64, r-oldrel-macos-arm64, r-oldrel-macos-x86_64

Version: 1.2.5
Check: data for non-ASCII characters
Result: NOTE
     Note: found 118 marked UTF-8 strings
Flavors: r-devel-linux-x86_64-fedora-clang, r-devel-linux-x86_64-fedora-gcc, r-release-macos-arm64, r-release-macos-x86_64, r-oldrel-macos-arm64, r-oldrel-macos-x86_64