Last updated on 2024-05-06 02:52:42 CEST.
Flavor | Version | Tinstall | Tcheck | Ttotal | Status | Flags |
---|---|---|---|---|---|---|
r-devel-linux-x86_64-debian-clang | 1.0.0 | 48.14 | 163.00 | 211.14 | NOTE | |
r-devel-linux-x86_64-debian-gcc | 1.0.0 | 31.47 | 117.42 | 148.89 | NOTE | |
r-devel-linux-x86_64-fedora-clang | 1.0.0 | 266.98 | NOTE | |||
r-devel-linux-x86_64-fedora-gcc | 1.0.0 | 251.08 | NOTE | |||
r-devel-windows-x86_64 | 1.0.0 | 38.00 | 144.00 | 182.00 | NOTE | |
r-patched-linux-x86_64 | 1.0.0 | 43.47 | 152.23 | 195.70 | NOTE | |
r-release-linux-x86_64 | 1.0.0 | 36.46 | 155.47 | 191.93 | NOTE | |
r-release-macos-arm64 | 1.0.0 | 65.00 | NOTE | |||
r-release-windows-x86_64 | 1.0.0 | 41.00 | 143.00 | 184.00 | NOTE | |
r-oldrel-macos-arm64 | 1.0.0 | 79.00 | OK | |||
r-oldrel-macos-x86_64 | 1.0.0 | 127.00 | OK | |||
r-oldrel-windows-x86_64 | 1.0.0 | 50.00 | 178.00 | 228.00 | OK |
Version: 1.0.0
Check: Rd files
Result: NOTE
checkRd: (-1) tsBSS-package.Rd:23: Lost braces in \itemize; meant \describe ?
checkRd: (-1) tsBSS-package.Rd:24: Lost braces in \itemize; meant \describe ?
checkRd: (-1) tsBSS-package.Rd:25: Lost braces in \itemize; meant \describe ?
checkRd: (-1) tsBSS-package.Rd:26: Lost braces in \itemize; meant \describe ?
checkRd: (-1) tsBSS-package.Rd:27: Lost braces in \itemize; meant \describe ?
checkRd: (-1) tsBSS-package.Rd:28: Lost braces in \itemize; meant \describe ?
checkRd: (-1) tsBSS-package.Rd:34: Lost braces in \itemize; meant \describe ?
Flavors: r-devel-linux-x86_64-debian-clang, r-devel-linux-x86_64-debian-gcc, r-devel-linux-x86_64-fedora-clang, r-devel-linux-x86_64-fedora-gcc, r-devel-windows-x86_64, r-patched-linux-x86_64, r-release-linux-x86_64, r-release-macos-arm64, r-release-windows-x86_64