CRAN Package Check Results for Package tsDyn

Last updated on 2020-02-23 07:49:39 CET.

Flavor Version Tinstall Tcheck Ttotal Status Flags
r-devel-linux-x86_64-debian-clang 10-1.2 27.55 174.60 202.15 OK
r-devel-linux-x86_64-debian-gcc 10-1.2 20.40 130.84 151.24 OK
r-devel-linux-x86_64-fedora-clang 10-1.2 244.56 OK
r-devel-linux-x86_64-fedora-gcc 10-1.2 229.16 OK
r-devel-windows-ix86+x86_64 10-1.2 43.00 363.00 406.00 OK
r-devel-windows-ix86+x86_64-gcc8 10-1.2 64.00 345.00 409.00 OK
r-patched-linux-x86_64 10-1.2 OK
r-patched-solaris-x86 10-1.2 297.40 OK
r-release-linux-x86_64 10-1.2 18.46 151.41 169.87 OK
r-release-windows-ix86+x86_64 10-1.2 39.00 247.00 286.00 OK
r-release-osx-x86_64 10-1.2 NOTE
r-oldrel-windows-ix86+x86_64 10-1.2 32.00 209.00 241.00 OK
r-oldrel-osx-x86_64 10-1.2 NOTE

Check Details

Version: 10-1.2
Check: dependencies in R code
Result: NOTE
    No protocol specified
    No protocol specified
    No protocol specified
Flavor: r-release-osx-x86_64

Version: 10-1.2
Check: dependencies in R code
Result: NOTE
    No protocol specified
Flavor: r-oldrel-osx-x86_64