Last updated on 2025-04-30 02:50:55 CEST.
Flavor | Version | Tinstall | Tcheck | Ttotal | Status | Flags |
---|---|---|---|---|---|---|
r-devel-linux-x86_64-debian-clang | 0.3.9 | 9.90 | 336.74 | 346.64 | NOTE | |
r-devel-linux-x86_64-debian-gcc | 0.3.9 | 6.09 | 233.04 | 239.13 | OK | |
r-devel-linux-x86_64-fedora-clang | 0.3.9 | 526.73 | OK | |||
r-devel-linux-x86_64-fedora-gcc | 0.3.9 | 546.65 | OK | |||
r-devel-windows-x86_64 | 0.3.9 | 12.00 | 526.00 | 538.00 | OK | |
r-patched-linux-x86_64 | 0.3.9 | 11.61 | 329.77 | 341.38 | OK | |
r-release-linux-x86_64 | 0.3.9 | 8.36 | 328.55 | 336.91 | OK | |
r-release-macos-arm64 | 0.3.9 | 258.00 | OK | |||
r-release-macos-x86_64 | 0.3.9 | 350.00 | OK | |||
r-release-windows-x86_64 | 0.3.9 | 16.00 | 516.00 | 532.00 | OK | |
r-oldrel-macos-arm64 | 0.3.9 | 157.00 | OK | |||
r-oldrel-macos-x86_64 | 0.3.9 | 258.00 | OK | |||
r-oldrel-windows-x86_64 | 0.3.9 | 14.00 | 618.00 | 632.00 | OK |
Version: 0.3.9
Check: examples
Result: NOTE
Examples with CPU (user + system) or elapsed time > 5s
user system elapsed
profilefulcrum 4.782 0.018 5.779
Flavor: r-devel-linux-x86_64-debian-clang