Last updated on 2024-04-23 01:57:18 CEST.
Flavor | Version | Tinstall | Tcheck | Ttotal | Status | Flags |
---|---|---|---|---|---|---|
r-devel-linux-x86_64-debian-clang | 0.7-2 | 14.57 | 83.58 | 98.15 | OK | |
r-devel-linux-x86_64-debian-gcc | 0.7-2 | 10.87 | 61.76 | 72.63 | OK | |
r-devel-linux-x86_64-fedora-clang | 0.7-2 | 124.19 | NOTE | |||
r-devel-linux-x86_64-fedora-gcc | 0.7-2 | 116.51 | OK | |||
r-prerel-macos-arm64 | 0.7-2 | 39.00 | OK | |||
r-prerel-windows-x86_64 | 0.7-2 | 17.00 | 86.00 | 103.00 | OK | |
r-patched-linux-x86_64 | 0.7-2 | 12.74 | 80.16 | 92.90 | OK | |
r-release-linux-x86_64 | 0.7-2 | 14.42 | 80.41 | 94.83 | OK | |
r-release-macos-arm64 | 0.7-2 | 40.00 | OK | |||
r-release-macos-x86_64 | 0.7-2 | 78.00 | OK | |||
r-release-windows-x86_64 | 0.7-2 | 19.00 | 100.00 | 119.00 | OK | |
r-oldrel-macos-arm64 | 0.7-2 | 39.00 | OK | |||
r-oldrel-windows-x86_64 | 0.7-2 | 19.00 | 108.00 | 127.00 | OK |
Version: 0.7-2
Check: installed package size
Result: NOTE
installed size is 5.5Mb
sub-directories of 1Mb or more:
libs 5.0Mb
Flavor: r-devel-linux-x86_64-fedora-clang