Last updated on 2023-06-04 01:54:17 CEST.
Flavor | Version | Tinstall | Tcheck | Ttotal | Status | Flags |
---|---|---|---|---|---|---|
r-devel-linux-x86_64-debian-clang | 0.4.15 | 58.93 | 125.86 | 184.79 | NOTE | |
r-devel-linux-x86_64-debian-gcc | 0.4.15 | 43.28 | 94.54 | 137.82 | NOTE | |
r-devel-linux-x86_64-fedora-clang | 0.4.15 | 262.09 | NOTE | |||
r-devel-linux-x86_64-fedora-gcc | 0.4.15 | 242.88 | NOTE | |||
r-devel-windows-x86_64 | 0.4.15 | 48.00 | 142.00 | 190.00 | NOTE | |
r-patched-linux-x86_64 | 0.4.15 | NOTE | ||||
r-release-linux-x86_64 | 0.4.15 | 49.94 | 118.01 | 167.95 | NOTE | |
r-release-macos-arm64 | 0.4.15 | 71.00 | NOTE | |||
r-release-macos-x86_64 | 0.4.15 | 114.00 | NOTE | |||
r-release-windows-x86_64 | 0.4.15 | 60.00 | 173.00 | 233.00 | NOTE | |
r-oldrel-macos-arm64 | 0.4.15 | 63.00 | NOTE | |||
r-oldrel-macos-x86_64 | 0.4.15 | 81.00 | NOTE | |||
r-oldrel-windows-x86_64 | 0.4.15 | 57.00 | 149.00 | 206.00 | NOTE |
Version: 0.4.15
Check: C++ specification
Result: NOTE
Specified C++11: please drop specification unless essential
Flavors: r-devel-linux-x86_64-debian-clang, r-devel-linux-x86_64-debian-gcc, r-devel-linux-x86_64-fedora-clang, r-devel-linux-x86_64-fedora-gcc, r-devel-windows-x86_64, r-patched-linux-x86_64, r-release-linux-x86_64, r-release-macos-arm64, r-release-macos-x86_64, r-release-windows-x86_64
Version: 0.4.15
Check: for GNU extensions in Makefiles
Result: NOTE
GNU make is a SystemRequirements.
Flavors: r-devel-linux-x86_64-debian-clang, r-devel-linux-x86_64-debian-gcc, r-devel-linux-x86_64-fedora-clang, r-devel-linux-x86_64-fedora-gcc, r-devel-windows-x86_64, r-patched-linux-x86_64, r-release-linux-x86_64, r-release-macos-arm64, r-release-macos-x86_64, r-release-windows-x86_64, r-oldrel-macos-arm64, r-oldrel-macos-x86_64, r-oldrel-windows-x86_64
Version: 0.4.15
Check: installed package size
Result: NOTE
installed size is 6.4Mb
sub-directories of 1Mb or more:
data 4.6Mb
Flavors: r-devel-linux-x86_64-fedora-clang, r-devel-windows-x86_64, r-release-macos-arm64, r-release-macos-x86_64, r-release-windows-x86_64, r-oldrel-macos-arm64, r-oldrel-macos-x86_64, r-oldrel-windows-x86_64