Last updated on 2022-05-25 02:52:33 CEST.
Flavor | Version | Tinstall | Tcheck | Ttotal | Status | Flags |
---|---|---|---|---|---|---|
r-devel-linux-x86_64-debian-clang | 0.4.14 | 59.19 | 128.15 | 187.34 | NOTE | |
r-devel-linux-x86_64-debian-gcc | 0.4.14 | 46.45 | 93.34 | 139.79 | NOTE | |
r-devel-linux-x86_64-fedora-clang | 0.4.14 | 231.64 | NOTE | |||
r-devel-linux-x86_64-fedora-gcc | 0.4.14 | 210.81 | NOTE | |||
r-devel-windows-x86_64 | 0.4.14 | 89.00 | 169.00 | 258.00 | NOTE | |
r-patched-linux-x86_64 | 0.4.14 | 54.16 | 123.97 | 178.13 | NOTE | |
r-release-linux-x86_64 | 0.4.14 | NOTE | ||||
r-release-macos-arm64 | 0.4.14 | 50.00 | NOTE | |||
r-release-macos-x86_64 | 0.4.14 | 78.00 | NOTE | |||
r-release-windows-x86_64 | 0.4.14 | 92.00 | 168.00 | 260.00 | NOTE | |
r-oldrel-macos-arm64 | 0.4.14 | 67.00 | NOTE | |||
r-oldrel-macos-x86_64 | 0.4.14 | 101.00 | NOTE | |||
r-oldrel-windows-ix86+x86_64 | 0.4.14 | 125.00 | 211.00 | 336.00 | NOTE |
Version: 0.4.14
Check: for GNU extensions in Makefiles
Result: NOTE
GNU make is a SystemRequirements.
Flavors: r-devel-linux-x86_64-debian-clang, r-devel-linux-x86_64-debian-gcc, r-devel-linux-x86_64-fedora-clang, r-devel-linux-x86_64-fedora-gcc, r-devel-windows-x86_64, r-patched-linux-x86_64, r-release-linux-x86_64, r-release-macos-arm64, r-release-macos-x86_64, r-release-windows-x86_64, r-oldrel-macos-arm64, r-oldrel-macos-x86_64, r-oldrel-windows-ix86+x86_64
Version: 0.4.14
Check: installed package size
Result: NOTE
installed size is 7.8Mb
sub-directories of 1Mb or more:
data 4.6Mb
libs 1.9Mb
Flavors: r-devel-linux-x86_64-fedora-clang, r-devel-windows-x86_64, r-release-macos-arm64, r-release-macos-x86_64, r-release-windows-x86_64, r-oldrel-macos-arm64, r-oldrel-macos-x86_64, r-oldrel-windows-ix86+x86_64