Last updated on 2024-04-24 01:52:30 CEST.
Flavor | Version | Tinstall | Tcheck | Ttotal | Status | Flags |
---|---|---|---|---|---|---|
r-devel-linux-x86_64-debian-clang | 0.7 | 13.11 | 131.33 | 144.44 | OK | |
r-devel-linux-x86_64-debian-gcc | 0.7 | 8.93 | 95.73 | 104.66 | OK | |
r-devel-linux-x86_64-fedora-clang | 0.7 | 178.90 | NOTE | |||
r-devel-linux-x86_64-fedora-gcc | 0.7 | 166.62 | OK | |||
r-prerel-macos-arm64 | 0.7 | 51.00 | OK | |||
r-prerel-macos-x86_64 | 0.7 | 128.00 | OK | |||
r-prerel-windows-x86_64 | 0.7 | 12.00 | 120.00 | 132.00 | OK | |
r-patched-linux-x86_64 | 0.7 | 11.20 | 125.39 | 136.59 | OK | |
r-release-linux-x86_64 | 0.7 | 12.65 | 124.01 | 136.66 | OK | |
r-release-macos-arm64 | 0.7 | 58.00 | OK | |||
r-release-macos-x86_64 | 0.7 | 136.00 | OK | |||
r-release-windows-x86_64 | 0.7 | 15.00 | 144.00 | 159.00 | OK | |
r-oldrel-macos-arm64 | 0.7 | 57.00 | OK | |||
r-oldrel-windows-x86_64 | 0.7 | 15.00 | 138.00 | 153.00 | OK |
Version: 0.7
Check: Rd cross-references
Result: NOTE
Undeclared package ‘randomForest’ in Rd xrefs
Flavor: r-devel-linux-x86_64-fedora-clang