Last updated on 2024-08-16 01:48:33 CEST.
Flavor | Version | Tinstall | Tcheck | Ttotal | Status | Flags |
---|---|---|---|---|---|---|
r-devel-linux-x86_64-debian-clang | 1.3.3 | 6.07 | 82.60 | 88.67 | OK | |
r-devel-linux-x86_64-debian-gcc | 1.3.3 | 4.94 | 60.52 | 65.46 | OK | |
r-devel-linux-x86_64-fedora-clang | 1.3.3 | 145.44 | NOTE | |||
r-devel-linux-x86_64-fedora-gcc | 1.3.3 | 156.09 | OK | |||
r-devel-windows-x86_64 | 1.3.3 | 8.00 | 110.00 | 118.00 | OK | |
r-patched-linux-x86_64 | 1.3.3 | 6.33 | 77.76 | 84.09 | OK | |
r-release-linux-x86_64 | 1.3.3 | 5.22 | 78.42 | 83.64 | OK | |
r-release-macos-arm64 | 1.3.3 | 48.00 | OK | |||
r-release-macos-x86_64 | 1.3.3 | 74.00 | OK | |||
r-release-windows-x86_64 | 1.3.3 | 10.00 | 112.00 | 122.00 | OK | |
r-oldrel-macos-arm64 | 1.3.3 | 52.00 | OK | |||
r-oldrel-macos-x86_64 | 1.3.3 | 103.00 | OK | |||
r-oldrel-windows-x86_64 | 1.3.3 | 10.00 | 121.00 | 131.00 | OK |
Version: 1.3.3
Check: Rd cross-references
Result: NOTE
Undeclared package ‘rlang’ in Rd xrefs
Flavor: r-devel-linux-x86_64-fedora-clang