Last updated on 2025-10-27 02:49:40 CET.
| Flavor | Version | Tinstall | Tcheck | Ttotal | Status | Flags |
|---|---|---|---|---|---|---|
| r-devel-linux-x86_64-debian-clang | 0.1.0 | 3.92 | 35.93 | 39.85 | OK | |
| r-devel-linux-x86_64-debian-gcc | 0.1.0 | 2.85 | 28.79 | 31.64 | OK | |
| r-devel-linux-x86_64-fedora-clang | 0.1.0 | 58.81 | OK | |||
| r-devel-linux-x86_64-fedora-gcc | 0.1.0 | 56.92 | OK | |||
| r-devel-windows-x86_64 | 0.1.0 | 5.00 | 50.00 | 55.00 | OK | |
| r-patched-linux-x86_64 | 0.1.0 | 3.36 | 33.95 | 37.31 | OK | |
| r-release-linux-x86_64 | 0.1.0 | 3.84 | 33.59 | 37.43 | OK | |
| r-release-macos-arm64 | 0.1.0 | 3.00 | 28.00 | 31.00 | OK | |
| r-release-macos-x86_64 | 0.1.0 | 3.00 | 35.00 | 38.00 | OK | |
| r-release-windows-x86_64 | 0.1.0 | 5.00 | 54.00 | 59.00 | OK | |
| r-oldrel-macos-arm64 | 0.1.0 | 2.00 | 19.00 | 21.00 | NOTE | |
| r-oldrel-macos-x86_64 | 0.1.0 | 3.00 | 27.00 | 30.00 | NOTE | |
| r-oldrel-windows-x86_64 | 0.1.0 | 6.00 | 65.00 | 71.00 | NOTE |
Version: 0.1.0
Check: LazyData
Result: NOTE
'LazyData' is specified without a 'data' directory
Flavors: r-oldrel-macos-arm64, r-oldrel-macos-x86_64, r-oldrel-windows-x86_64