Last updated on 2025-04-30 01:50:40 CEST.
Flavor | Version | Tinstall | Tcheck | Ttotal | Status | Flags |
---|---|---|---|---|---|---|
r-devel-linux-x86_64-debian-clang | 1.0 | 17.21 | 83.56 | 100.77 | NOTE | |
r-devel-linux-x86_64-debian-gcc | 1.0 | 14.32 | 62.39 | 76.71 | NOTE | |
r-devel-linux-x86_64-fedora-clang | 1.0 | 157.34 | OK | |||
r-devel-linux-x86_64-fedora-gcc | 1.0 | 153.30 | OK | |||
r-devel-windows-x86_64 | 1.0 | 16.00 | 99.00 | 115.00 | OK | |
r-patched-linux-x86_64 | 1.0 | 19.15 | 79.74 | 98.89 | OK | |
r-release-linux-x86_64 | 1.0 | 19.06 | 80.14 | 99.20 | OK | |
r-release-macos-arm64 | 1.0 | 69.00 | OK | |||
r-release-macos-x86_64 | 1.0 | 109.00 | OK | |||
r-release-windows-x86_64 | 1.0 | 14.00 | 96.00 | 110.00 | OK | |
r-oldrel-macos-arm64 | 1.0 | 51.00 | OK | |||
r-oldrel-macos-x86_64 | 1.0 | 79.00 | OK | |||
r-oldrel-windows-x86_64 | 1.0 | 25.00 | 120.00 | 145.00 | OK |
Version: 1.0
Check: CRAN incoming feasibility
Result: NOTE
Maintainer: ‘Michael Swanson <dms866@mail.harvard.edu>’
No Authors@R field in DESCRIPTION.
Please add one, modifying
Authors@R: person(given = "Michael",
family = "Swanson",
role = c("aut", "cre"),
email = "dms866@mail.harvard.edu")
as necessary.
Flavors: r-devel-linux-x86_64-debian-clang, r-devel-linux-x86_64-debian-gcc
Version: 1.0
Check: examples
Result: NOTE
Examples with CPU (user + system) or elapsed time > 5s
user system elapsed
TWLsample 12.494 0.292 16.483
Flavor: r-devel-linux-x86_64-debian-clang
Version: 1.0
Check: examples
Result: NOTE
Examples with CPU (user + system) or elapsed time > 5s
user system elapsed
TWLsample 7.909 0.2 9.933
Flavor: r-devel-linux-x86_64-debian-gcc