Last updated on 2024-04-23 01:57:19 CEST.
Flavor | Version | Tinstall | Tcheck | Ttotal | Status | Flags |
---|---|---|---|---|---|---|
r-devel-linux-x86_64-debian-clang | 0.0.1 | 3.12 | 31.04 | 34.16 | NOTE | |
r-devel-linux-x86_64-debian-gcc | 0.0.1 | 2.34 | 23.75 | 26.09 | NOTE | |
r-devel-linux-x86_64-fedora-clang | 0.0.1 | 43.56 | NOTE | |||
r-devel-linux-x86_64-fedora-gcc | 0.0.1 | 40.94 | NOTE | |||
r-prerel-macos-arm64 | 0.0.1 | 18.00 | NOTE | |||
r-prerel-windows-x86_64 | 0.0.1 | 4.00 | 44.00 | 48.00 | NOTE | |
r-patched-linux-x86_64 | 0.0.1 | 3.29 | 30.08 | 33.37 | NOTE | |
r-release-linux-x86_64 | 0.0.1 | 2.92 | 30.57 | 33.49 | NOTE | |
r-release-macos-arm64 | 0.0.1 | 19.00 | NOTE | |||
r-release-macos-x86_64 | 0.0.1 | 24.00 | NOTE | |||
r-release-windows-x86_64 | 0.0.1 | 4.00 | 45.00 | 49.00 | NOTE | |
r-oldrel-macos-arm64 | 0.0.1 | 17.00 | NOTE | |||
r-oldrel-windows-x86_64 | 0.0.1 | 4.00 | 51.00 | 55.00 | NOTE |
Version: 0.0.1
Check: LazyData
Result: NOTE
'LazyData' is specified without a 'data' directory
Flavors: r-devel-linux-x86_64-debian-clang, r-devel-linux-x86_64-debian-gcc, r-devel-linux-x86_64-fedora-clang, r-devel-linux-x86_64-fedora-gcc, r-prerel-macos-arm64, r-prerel-windows-x86_64, r-patched-linux-x86_64, r-release-linux-x86_64, r-release-macos-arm64, r-release-macos-x86_64, r-release-windows-x86_64, r-oldrel-macos-arm64, r-oldrel-windows-x86_64