Last updated on 2024-04-26 01:53:29 CEST.
Flavor | Version | Tinstall | Tcheck | Ttotal | Status | Flags |
---|---|---|---|---|---|---|
r-devel-linux-x86_64-debian-clang | 0.4.0 | 31.97 | 23.10 | 55.07 | NOTE | |
r-devel-linux-x86_64-debian-gcc | 0.4.0 | 20.94 | 18.43 | 39.37 | NOTE | |
r-devel-linux-x86_64-fedora-clang | 0.4.0 | 81.50 | NOTE | |||
r-devel-linux-x86_64-fedora-gcc | 0.4.0 | 70.90 | NOTE | |||
r-devel-windows-x86_64 | 0.4.0 | 27.00 | 55.00 | 82.00 | NOTE | |
r-patched-linux-x86_64 | 0.4.0 | 28.25 | 22.93 | 51.18 | OK | |
r-release-linux-x86_64 | 0.4.0 | 25.53 | 22.72 | 48.25 | OK | |
r-release-macos-arm64 | 0.4.0 | 22.00 | OK | |||
r-release-windows-x86_64 | 0.4.0 | 29.00 | 56.00 | 85.00 | OK | |
r-oldrel-macos-arm64 | 0.4.0 | 24.00 | OK | |||
r-oldrel-macos-x86_64 | 0.4.0 | 52.00 | OK | |||
r-oldrel-windows-x86_64 | 0.4.0 | 28.00 | 67.00 | 95.00 | OK |
Version: 0.4.0
Check: compiled code
Result: NOTE
File ‘tzdb/libs/tzdb.so’:
Found non-API calls to R: ‘SETLENGTH’, ‘SET_TRUELENGTH’
Compiled code should not call non-API entry points in R.
See ‘Writing portable packages’ in the ‘Writing R Extensions’ manual.
Flavors: r-devel-linux-x86_64-debian-clang, r-devel-linux-x86_64-debian-gcc, r-devel-linux-x86_64-fedora-clang, r-devel-linux-x86_64-fedora-gcc
Version: 0.4.0
Check: compiled code
Result: NOTE
File 'tzdb/libs/x64/tzdb.dll':
Found non-API calls to R: 'SETLENGTH', 'SET_TRUELENGTH'
Compiled code should not call non-API entry points in R.
See 'Writing portable packages' in the 'Writing R Extensions' manual.
Flavor: r-devel-windows-x86_64