Last updated on 2022-06-29 01:50:35 CEST.
Flavor | Version | Tinstall | Tcheck | Ttotal | Status | Flags |
---|---|---|---|---|---|---|
r-devel-linux-x86_64-debian-clang | 2.0.0 | 19.93 | 155.15 | 175.08 | OK | |
r-devel-linux-x86_64-debian-gcc | 2.0.0 | 15.46 | 112.95 | 128.41 | OK | |
r-devel-linux-x86_64-fedora-clang | 2.0.0 | 216.82 | NOTE | |||
r-devel-linux-x86_64-fedora-gcc | 2.0.0 | 208.70 | OK | |||
r-devel-windows-x86_64 | 2.0.0 | 154.00 | 215.00 | 369.00 | NOTE | |
r-patched-linux-x86_64 | 2.0.0 | 21.50 | 143.04 | 164.54 | OK | |
r-release-linux-x86_64 | 2.0.0 | 15.55 | 142.58 | 158.13 | OK | |
r-release-macos-arm64 | 2.0.0 | 66.00 | NOTE | |||
r-release-macos-x86_64 | 2.0.0 | 108.00 | NOTE | |||
r-release-windows-x86_64 | 2.0.0 | 164.00 | 207.00 | 371.00 | NOTE | |
r-oldrel-macos-arm64 | 2.0.0 | 325.00 | NOTE | |||
r-oldrel-macos-x86_64 | 2.0.0 | 121.00 | NOTE | |||
r-oldrel-windows-ix86+x86_64 | 2.0.0 | 43.00 | 204.00 | 247.00 | NOTE |
Version: 2.0.0
Check: installed package size
Result: NOTE
installed size is 10.0Mb
sub-directories of 1Mb or more:
doc 7.1Mb
ubinc 2.0Mb
Flavors: r-devel-linux-x86_64-fedora-clang, r-devel-windows-x86_64, r-release-macos-arm64, r-release-macos-x86_64, r-release-windows-x86_64, r-oldrel-macos-arm64, r-oldrel-macos-x86_64, r-oldrel-windows-ix86+x86_64