CRAN Package Check Results for Package ucminf

Last updated on 2020-04-08 19:49:32 CEST.

Flavor Version Tinstall Tcheck Ttotal Status Flags
r-devel-linux-x86_64-debian-clang 1.1-4 3.06 20.79 23.85 OK
r-devel-linux-x86_64-debian-gcc 1.1-4 2.23 16.99 19.22 OK
r-devel-linux-x86_64-fedora-clang 1.1-4 30.91 NOTE
r-devel-linux-x86_64-fedora-gcc 1.1-4 28.70 NOTE
r-devel-windows-ix86+x86_64 1.1-4 11.00 54.00 65.00 OK
r-devel-windows-ix86+x86_64-gcc8 1.1-4 10.00 40.00 50.00 OK
r-patched-linux-x86_64 1.1-4 2.63 20.67 23.30 OK
r-patched-solaris-x86 1.1-4 42.80 OK
r-release-linux-x86_64 1.1-4 2.25 19.41 21.66 OK
r-release-windows-ix86+x86_64 1.1-4 14.00 46.00 60.00 OK
r-release-osx-x86_64 1.1-4 OK
r-oldrel-windows-ix86+x86_64 1.1-4 7.00 50.00 57.00 OK
r-oldrel-osx-x86_64 1.1-4 OK

Additional issues

rchk

Check Details

Version: 1.1-4
Check: compiled code
Result: NOTE
    File ‘ucminf/libs/ucminf.so’:
     Found no calls to: ‘R_registerRoutines’, ‘R_useDynamicSymbols’
    
    It is good practice to register native routines and to disable symbol
    search.
    
    See ‘Writing portable packages’ in the ‘Writing R Extensions’ manual.
Flavors: r-devel-linux-x86_64-fedora-clang, r-devel-linux-x86_64-fedora-gcc