Last updated on 2025-11-15 03:50:33 CET.
| Flavor | Version | Tinstall | Tcheck | Ttotal | Status | Flags |
|---|---|---|---|---|---|---|
| r-devel-linux-x86_64-debian-clang | 25.7.1 | 14.03 | 128.23 | 142.26 | OK | |
| r-devel-linux-x86_64-debian-gcc | 25.7.1 | 9.44 | 82.25 | 91.69 | OK | |
| r-devel-linux-x86_64-fedora-clang | 25.7.1 | 54.00 | 172.46 | 226.46 | OK | |
| r-devel-linux-x86_64-fedora-gcc | 25.7.1 | 27.00 | 173.93 | 200.93 | OK | |
| r-devel-windows-x86_64 | 25.7.1 | 21.00 | 153.00 | 174.00 | OK | |
| r-patched-linux-x86_64 | 25.7.1 | 15.73 | 120.23 | 135.96 | OK | |
| r-release-linux-x86_64 | 25.7.1 | 13.51 | 119.68 | 133.19 | OK | |
| r-release-macos-arm64 | 25.7.1 | 11.00 | 45.00 | 56.00 | OK | |
| r-release-macos-x86_64 | 25.7.1 | 39.00 | 109.00 | 148.00 | OK | |
| r-release-windows-x86_64 | 25.7.1 | 18.00 | 150.00 | 168.00 | OK | |
| r-oldrel-macos-arm64 | 25.7.1 | 10.00 | 51.00 | 61.00 | OK | |
| r-oldrel-macos-x86_64 | 25.7.1 | 24.00 | 82.00 | 106.00 | OK | |
| r-oldrel-windows-x86_64 | 25.7.1 | 24.00 | 194.00 | 218.00 | NOTE |
Version: 25.7.1
Check: package dependencies
Result: NOTE
Package suggested but not available for checking: 'MBESS'
Flavor: r-oldrel-windows-x86_64