CRAN Package Check Results for Package ufs

Last updated on 2020-09-18 01:49:40 CEST.

Flavor Version Tinstall Tcheck Ttotal Status Flags
r-devel-linux-x86_64-debian-clang 0.3.1 11.82 96.66 108.48 OK
r-devel-linux-x86_64-debian-gcc 0.3.1 9.35 72.90 82.25 OK
r-devel-linux-x86_64-fedora-clang 0.3.1 145.81 NOTE
r-devel-linux-x86_64-fedora-gcc 0.3.1 139.80 NOTE
r-devel-windows-ix86+x86_64 0.3.1 21.00 111.00 132.00 OK
r-patched-linux-x86_64 0.3.1 11.52 93.93 105.45 OK
r-patched-solaris-x86 0.3.1 164.30 NOTE
r-release-linux-x86_64 0.3.1 11.03 94.43 105.46 OK
r-release-macos-x86_64 0.3.1 NOTE
r-release-windows-ix86+x86_64 0.3.1 22.00 137.00 159.00 OK
r-oldrel-macos-x86_64 0.3.1 NOTE
r-oldrel-windows-ix86+x86_64 0.3.1 28.00 133.00 161.00 OK

Check Details

Version: 0.3.1
Check: dependencies in R code
Result: NOTE
    Namespace in Imports field not imported from: ‘viridis’
     All declared Imports should be used.
Flavors: r-devel-linux-x86_64-fedora-clang, r-devel-linux-x86_64-fedora-gcc, r-patched-solaris-x86, r-release-macos-x86_64, r-oldrel-macos-x86_64

Version: 0.3.1
Check: Rd cross-references
Result: NOTE
    Undeclared packages ‘userfriendlyscience’, ‘behaviorchange’, ‘car’ in Rd xrefs
Flavor: r-devel-linux-x86_64-fedora-clang