CRAN Package Check Results for Package ukgasapi

Last updated on 2025-11-12 01:49:14 CET.

Flavor Version Tinstall Tcheck Ttotal Status Flags
r-devel-linux-x86_64-debian-clang 0.21 1.61 22.35 23.96 OK
r-devel-linux-x86_64-debian-gcc 0.21 1.37 18.25 19.62 OK
r-devel-linux-x86_64-fedora-clang 0.21 38.71 OK
r-devel-linux-x86_64-fedora-gcc 0.21 48.65 OK
r-devel-windows-x86_64 0.21 4.00 41.00 45.00 OK
r-patched-linux-x86_64 0.21 1.81 21.31 23.12 OK
r-release-linux-x86_64 0.21 1.73 21.29 23.02 OK
r-release-macos-arm64 0.21 1.00 34.00 35.00 OK
r-release-macos-x86_64 0.21 2.00 46.00 48.00 OK
r-release-windows-x86_64 0.21 3.00 41.00 44.00 OK
r-oldrel-macos-arm64 0.21 1.00 20.00 21.00 NOTE
r-oldrel-macos-x86_64 0.21 2.00 30.00 32.00 NOTE
r-oldrel-windows-x86_64 0.21 4.00 47.00 51.00 NOTE

Check Details

Version: 0.21
Check: LazyData
Result: NOTE 'LazyData' is specified without a 'data' directory Flavors: r-oldrel-macos-arm64, r-oldrel-macos-x86_64, r-oldrel-windows-x86_64