CRAN Package Check Results for Package unmarked

Last updated on 2020-11-27 01:47:25 CET.

Flavor Version Tinstall Tcheck Ttotal Status Flags
r-devel-linux-x86_64-debian-clang 1.0.1 463.40 258.93 722.33 NOTE
r-devel-linux-x86_64-debian-gcc 1.0.1 404.51 197.48 601.99 NOTE
r-devel-linux-x86_64-fedora-clang 1.0.1 822.55 NOTE
r-devel-linux-x86_64-fedora-gcc 1.0.1 768.89 NOTE
r-devel-windows-ix86+x86_64 1.0.1 799.00 416.00 1215.00 NOTE
r-patched-linux-x86_64 1.0.1 517.86 248.39 766.25 NOTE
r-patched-solaris-x86 1.0.1 747.80 NOTE
r-release-linux-x86_64 1.0.1 509.52 250.54 760.06 NOTE
r-release-macos-x86_64 1.0.1 NOTE
r-release-windows-ix86+x86_64 1.0.1 800.00 407.00 1207.00 NOTE
r-oldrel-macos-x86_64 1.0.1 NOTE
r-oldrel-windows-ix86+x86_64 1.0.1 720.00 346.00 1066.00 NOTE

Check Details

Version: 1.0.1
Check: for GNU extensions in Makefiles
Result: NOTE
    GNU make is a SystemRequirements.
Flavors: r-devel-linux-x86_64-debian-clang, r-devel-linux-x86_64-debian-gcc, r-devel-linux-x86_64-fedora-clang, r-devel-linux-x86_64-fedora-gcc, r-devel-windows-ix86+x86_64, r-patched-linux-x86_64, r-patched-solaris-x86, r-release-linux-x86_64, r-release-macos-x86_64, r-release-windows-ix86+x86_64, r-oldrel-macos-x86_64, r-oldrel-windows-ix86+x86_64

Version: 1.0.1
Check: installed package size
Result: NOTE
     installed size is 16.9Mb
     sub-directories of 1Mb or more:
     R 1.4Mb
     doc 1.6Mb
     libs 12.8Mb
Flavors: r-devel-linux-x86_64-fedora-clang, r-devel-windows-ix86+x86_64, r-patched-solaris-x86, r-release-macos-x86_64, r-release-windows-ix86+x86_64, r-oldrel-macos-x86_64, r-oldrel-windows-ix86+x86_64