CRAN Package Check Results for Package unstruwwel

Last updated on 2022-01-17 01:48:39 CET.

Flavor Version Tinstall Tcheck Ttotal Status Flags
r-devel-linux-x86_64-debian-clang 0.1.0 8.97 67.05 76.02 OK
r-devel-linux-x86_64-debian-gcc 0.1.0 7.83 50.57 58.40 OK
r-devel-linux-x86_64-fedora-clang 0.1.0 92.92 NOTE
r-devel-linux-x86_64-fedora-gcc 0.1.0 85.39 NOTE
r-devel-windows-x86_64-new-UL 0.1.0 51.00 88.00 139.00 OK
r-devel-windows-x86_64-new-TK 0.1.0 NOTE
r-patched-linux-x86_64 0.1.0 12.97 64.00 76.97 OK
r-release-linux-x86_64 0.1.0 OK
r-release-macos-arm64 0.1.0 NOTE
r-release-macos-x86_64 0.1.0 NOTE
r-release-windows-ix86+x86_64 0.1.0 18.00 78.00 96.00 OK
r-oldrel-macos-x86_64 0.1.0 NOTE
r-oldrel-windows-ix86+x86_64 0.1.0 19.00 77.00 96.00 OK

Check Details

Version: 0.1.0
Check: data for non-ASCII characters
Result: NOTE
     Note: found 3345 marked UTF-8 strings
Flavors: r-devel-linux-x86_64-fedora-clang, r-devel-linux-x86_64-fedora-gcc, r-devel-windows-x86_64-new-TK, r-release-macos-arm64, r-release-macos-x86_64, r-oldrel-macos-x86_64