CRAN Package Check Results for Package usdarnass

Last updated on 2025-05-18 01:50:47 CEST.

Flavor Version Tinstall Tcheck Ttotal Status Flags
r-devel-linux-x86_64-debian-clang 0.1.0 1.87 26.81 28.68 OK
r-devel-linux-x86_64-debian-gcc 0.1.0 1.36 21.87 23.23 OK
r-devel-linux-x86_64-fedora-clang 0.1.0 44.66 OK
r-devel-linux-x86_64-fedora-gcc 0.1.0 56.55 OK
r-devel-windows-x86_64 0.1.0 5.00 49.00 54.00 OK
r-patched-linux-x86_64 0.1.0 2.18 24.89 27.07 OK
r-release-linux-x86_64 0.1.0 1.96 25.06 27.02 OK
r-release-macos-arm64 0.1.0 27.00 OK
r-release-macos-x86_64 0.1.0 44.00 OK
r-release-windows-x86_64 0.1.0 5.00 58.00 63.00 OK
r-oldrel-macos-arm64 0.1.0 25.00 NOTE
r-oldrel-macos-x86_64 0.1.0 35.00 NOTE
r-oldrel-windows-x86_64 0.1.0 5.00 54.00 59.00 NOTE

Check Details

Version: 0.1.0
Check: LazyData
Result: NOTE 'LazyData' is specified without a 'data' directory Flavors: r-oldrel-macos-arm64, r-oldrel-macos-x86_64, r-oldrel-windows-x86_64