Last updated on 2024-08-16 01:48:33 CEST.
Flavor | Version | Tinstall | Tcheck | Ttotal | Status | Flags |
---|---|---|---|---|---|---|
r-devel-linux-x86_64-debian-clang | 0.5.0 | 4.82 | 75.51 | 80.33 | OK | |
r-devel-linux-x86_64-debian-gcc | 0.5.0 | 4.57 | 53.05 | 57.62 | OK | |
r-devel-linux-x86_64-fedora-clang | 0.5.0 | 131.68 | OK | |||
r-devel-linux-x86_64-fedora-gcc | 0.5.0 | 142.79 | OK | |||
r-devel-windows-x86_64 | 0.5.0 | 9.00 | 92.00 | 101.00 | OK | |
r-patched-linux-x86_64 | 0.5.0 | 5.34 | 70.93 | 76.27 | OK | |
r-release-linux-x86_64 | 0.5.0 | 5.15 | 72.23 | 77.38 | OK | |
r-release-macos-arm64 | 0.5.0 | 60.00 | OK | |||
r-release-macos-x86_64 | 0.5.0 | 117.00 | OK | |||
r-release-windows-x86_64 | 0.5.0 | 10.00 | 91.00 | 101.00 | OK | |
r-oldrel-macos-arm64 | 0.5.0 | 75.00 | ERROR | |||
r-oldrel-macos-x86_64 | 0.5.0 | 107.00 | ERROR | |||
r-oldrel-windows-x86_64 | 0.5.0 | 10.00 | 104.00 | 114.00 | OK |
Version: 0.5.0
Check: running R code from vignettes
Result: ERROR
Errors in running code in vignettes:
when running code in ‘usedthese.Rmd’
...
2 x 4 5 1 5
> used_here()
When sourcing ‘usedthese.R’:
Error: `fil` must be either `current_input()` or a saved filename
ℹ When knitting a qmd/Rmd, `fil` defaults to `current_input()`.
ℹ When running a code chunk, quote a saved filename.
✖ You specified fil = .
Execution halted
‘multipage.Rmd’ using ‘UTF-8’... [1s/16s] OK
‘usedthese.Rmd’ using ‘UTF-8’... failed
Flavor: r-oldrel-macos-arm64
Version: 0.5.0
Check: running R code from vignettes
Result: ERROR
Errors in running code in vignettes:
when running code in ‘usedthese.Rmd’
...
2 x 4 5 1 5
> used_here()
When sourcing ‘usedthese.R’:
Error: `fil` must be either `current_input()` or a saved filename
ℹ When knitting a qmd/Rmd, `fil` defaults to `current_input()`.
ℹ When running a code chunk, quote a saved filename.
✖ You specified fil = .
Execution halted
‘multipage.Rmd’ using ‘UTF-8’... [3s/10s] OK
‘usedthese.Rmd’ using ‘UTF-8’... failed
Flavor: r-oldrel-macos-x86_64