Last updated on 2025-05-01 01:49:50 CEST.
Flavor | Version | Tinstall | Tcheck | Ttotal | Status | Flags |
---|---|---|---|---|---|---|
r-devel-linux-x86_64-debian-clang | 0.7.1 | 3.05 | 96.35 | 99.40 | NOTE | |
r-devel-linux-x86_64-debian-gcc | 0.7.1 | 2.15 | 71.37 | 73.52 | NOTE | |
r-devel-linux-x86_64-fedora-clang | 0.7.1 | 149.17 | NOTE | |||
r-devel-linux-x86_64-fedora-gcc | 0.7.1 | 157.95 | NOTE | |||
r-devel-windows-x86_64 | 0.7.1 | 5.00 | 115.00 | 120.00 | NOTE | |
r-patched-linux-x86_64 | 0.7.1 | 3.68 | 90.51 | 94.19 | NOTE | |
r-release-linux-x86_64 | 0.7.1 | 2.92 | 90.72 | 93.64 | NOTE | |
r-release-macos-arm64 | 0.7.1 | 62.00 | NOTE | |||
r-release-macos-x86_64 | 0.7.1 | 98.00 | NOTE | |||
r-release-windows-x86_64 | 0.7.1 | 6.00 | 118.00 | 124.00 | NOTE | |
r-oldrel-macos-arm64 | 0.7.1 | 52.00 | OK | |||
r-oldrel-macos-x86_64 | 0.7.1 | 77.00 | OK | |||
r-oldrel-windows-x86_64 | 0.7.1 | 5.00 | 129.00 | 134.00 | NOTE |
Version: 0.7.1
Check: dependencies in R code
Result: NOTE
Unexported objects imported by ':::' calls:
‘usmapdata:::alaska_bbox’ ‘usmapdata:::ea_crs’
‘usmapdata:::hawaii_bbox’ ‘usmapdata:::transform_alaska’
‘usmapdata:::transform_hawaii’
See the note in ?`:::` about the use of this operator.
Flavors: r-devel-linux-x86_64-debian-clang, r-devel-linux-x86_64-debian-gcc, r-devel-linux-x86_64-fedora-clang, r-devel-linux-x86_64-fedora-gcc, r-devel-windows-x86_64, r-patched-linux-x86_64, r-release-linux-x86_64, r-release-macos-arm64, r-release-macos-x86_64, r-release-windows-x86_64, r-oldrel-windows-x86_64
Version: 0.7.1
Check: examples
Result: NOTE
Examples with CPU (user + system) or elapsed time > 5s
user system elapsed
plot_usmap 4.482 0.099 5.594
Flavor: r-devel-linux-x86_64-debian-clang