Last updated on 2024-05-03 01:51:42 CEST.
Flavor | Version | Tinstall | Tcheck | Ttotal | Status | Flags |
---|---|---|---|---|---|---|
r-devel-linux-x86_64-debian-clang | 0.2.2 | 2.98 | 35.61 | 38.59 | OK | |
r-devel-linux-x86_64-debian-gcc | 0.2.2 | 2.33 | 27.05 | 29.38 | OK | |
r-devel-linux-x86_64-fedora-clang | 0.2.2 | 47.47 | NOTE | |||
r-devel-linux-x86_64-fedora-gcc | 0.2.2 | 43.77 | OK | |||
r-devel-windows-x86_64 | 0.2.2 | 4.00 | 49.00 | 53.00 | OK | |
r-patched-linux-x86_64 | 0.2.2 | 2.57 | 32.51 | 35.08 | OK | |
r-release-linux-x86_64 | 0.2.2 | 2.95 | 33.93 | 36.88 | OK | |
r-release-macos-arm64 | 0.2.2 | 19.00 | OK | |||
r-release-macos-x86_64 | 0.2.2 | 41.00 | OK | |||
r-release-windows-x86_64 | 0.2.2 | 4.00 | 49.00 | 53.00 | OK | |
r-oldrel-macos-arm64 | 0.2.2 | 25.00 | OK | |||
r-oldrel-macos-x86_64 | 0.2.2 | 36.00 | OK | |||
r-oldrel-windows-x86_64 | 0.2.2 | 5.00 | 52.00 | 57.00 | OK |
Version: 0.2.2
Check: Rd cross-references
Result: NOTE
Undeclared package ‘usmap’ in Rd xrefs
Flavor: r-devel-linux-x86_64-fedora-clang