Last updated on 2024-04-24 01:52:31 CEST.
Flavor | Version | Tinstall | Tcheck | Ttotal | Status | Flags |
---|---|---|---|---|---|---|
r-devel-linux-x86_64-debian-clang | 1.2.4 | 7.29 | 36.50 | 43.79 | OK | |
r-devel-linux-x86_64-debian-gcc | 1.2.4 | 5.75 | 27.46 | 33.21 | OK | |
r-devel-linux-x86_64-fedora-clang | 1.2.4 | 61.46 | OK | |||
r-devel-linux-x86_64-fedora-gcc | 1.2.4 | 68.82 | OK | |||
r-prerel-macos-arm64 | 1.2.4 | 28.00 | OK | |||
r-prerel-macos-x86_64 | 1.2.4 | 19.00 | WARN | |||
r-prerel-windows-x86_64 | 1.2.4 | 19.00 | 53.00 | 72.00 | OK | |
r-patched-linux-x86_64 | 1.2.4 | 8.22 | 35.67 | 43.89 | OK | |
r-release-linux-x86_64 | 1.2.4 | 8.03 | 32.15 | 40.18 | OK | |
r-release-macos-arm64 | 1.2.4 | 51.00 | OK | |||
r-release-macos-x86_64 | 1.2.4 | 104.00 | OK | |||
r-release-windows-x86_64 | 1.2.4 | 19.00 | 56.00 | 75.00 | OK | |
r-oldrel-macos-arm64 | 1.2.4 | 56.00 | OK | |||
r-oldrel-windows-x86_64 | 1.2.4 | 21.00 | 59.00 | 80.00 | OK |
Version: 1.2.4
Check: package dependencies
Result: WARN
Skipping vignette re-building
Packages suggested but not available for checking:
'cli', 'covr', 'knitr', 'rlang', 'rmarkdown', 'testthat', 'withr'
VignetteBuilder packages required for checking but not installed:
'knitr', 'rmarkdown'
Flavor: r-prerel-macos-x86_64