CRAN Package Check Results for Package utiml

Last updated on 2020-02-21 11:49:18 CET.

Flavor Version Tinstall Tcheck Ttotal Status Flags
r-devel-linux-x86_64-debian-clang 0.1.6 9.82 126.25 136.07 OK
r-devel-linux-x86_64-debian-gcc 0.1.6 9.16 95.02 104.18 OK
r-devel-linux-x86_64-fedora-clang 0.1.6 161.85 OK
r-devel-linux-x86_64-fedora-gcc 0.1.6 158.32 OK
r-devel-windows-ix86+x86_64 0.1.6 21.00 156.00 177.00 OK
r-devel-windows-ix86+x86_64-gcc8 0.1.6 20.00 204.00 224.00 OK
r-patched-linux-x86_64 0.1.6 9.34 112.44 121.78 OK
r-patched-solaris-x86 0.1.6 201.60 NOTE
r-release-linux-x86_64 0.1.6 8.43 113.44 121.87 OK
r-release-windows-ix86+x86_64 0.1.6 17.00 138.00 155.00 OK
r-release-osx-x86_64 0.1.6 OK
r-oldrel-windows-ix86+x86_64 0.1.6 14.00 126.00 140.00 OK
r-oldrel-osx-x86_64 0.1.6 OK

Check Details

Version: 0.1.6
Check: package dependencies
Result: NOTE
    Packages suggested but not available for checking: 'FSelector', 'RWeka'
Flavor: r-patched-solaris-x86

Version: 0.1.6
Check: Rd cross-references
Result: NOTE
    Package unavailable to check Rd xrefs: ‘FSelector’
Flavor: r-patched-solaris-x86