Last updated on 2024-08-16 01:48:33 CEST.
Flavor | Version | Tinstall | Tcheck | Ttotal | Status | Flags |
---|---|---|---|---|---|---|
r-devel-linux-x86_64-debian-clang | 1.2.1 | 8.67 | 73.79 | 82.46 | OK | |
r-devel-linux-x86_64-debian-gcc | 1.2.1 | 5.79 | 51.89 | 57.68 | OK | |
r-devel-linux-x86_64-fedora-clang | 1.2.1 | 129.64 | NOTE | |||
r-devel-linux-x86_64-fedora-gcc | 1.2.1 | 129.96 | NOTE | |||
r-devel-windows-x86_64 | 1.2.1 | 11.00 | 91.00 | 102.00 | OK | |
r-patched-linux-x86_64 | 1.2.1 | 7.88 | 68.52 | 76.40 | OK | |
r-release-linux-x86_64 | 1.2.1 | 8.11 | 69.21 | 77.32 | OK | |
r-release-macos-arm64 | 1.2.1 | 41.00 | OK | |||
r-release-macos-x86_64 | 1.2.1 | 57.00 | OK | |||
r-release-windows-x86_64 | 1.2.1 | 11.00 | 92.00 | 103.00 | OK | |
r-oldrel-macos-arm64 | 1.2.1 | 45.00 | OK | |||
r-oldrel-macos-x86_64 | 1.2.1 | 70.00 | OK | |||
r-oldrel-windows-x86_64 | 1.2.1 | 14.00 | 104.00 | 118.00 | OK |
Version: 1.2.1
Check: dependencies in R code
Result: NOTE
Namespaces in Imports field not imported from:
‘DT’ ‘maps’ ‘readr’
All declared Imports should be used.
Flavors: r-devel-linux-x86_64-fedora-clang, r-devel-linux-x86_64-fedora-gcc