Last updated on 2024-04-24 01:52:31 CEST.
Flavor | Version | Tinstall | Tcheck | Ttotal | Status | Flags |
---|---|---|---|---|---|---|
r-devel-linux-x86_64-debian-clang | 0.0.2 | 9.66 | 67.14 | 76.80 | NOTE | |
r-devel-linux-x86_64-debian-gcc | 0.0.2 | 6.28 | 50.63 | 56.91 | NOTE | |
r-devel-linux-x86_64-fedora-clang | 0.0.2 | 99.05 | NOTE | |||
r-devel-linux-x86_64-fedora-gcc | 0.0.2 | 106.17 | NOTE | |||
r-prerel-macos-arm64 | 0.0.2 | 35.00 | NOTE | |||
r-prerel-windows-x86_64 | 0.0.2 | 10.00 | 81.00 | 91.00 | NOTE | |
r-patched-linux-x86_64 | 0.0.2 | 7.66 | 65.43 | 73.09 | NOTE | |
r-release-linux-x86_64 | 0.0.2 | 4.98 | 63.65 | 68.63 | OK | |
r-release-macos-arm64 | 0.0.2 | 36.00 | OK | |||
r-release-macos-x86_64 | 0.0.2 | 53.00 | OK | |||
r-release-windows-x86_64 | 0.0.2 | 12.00 | 93.00 | 105.00 | OK | |
r-oldrel-macos-arm64 | 0.0.2 | 27.00 | OK | |||
r-oldrel-windows-x86_64 | 0.0.2 | 11.00 | 81.00 | 92.00 | OK |
Version: 0.0.2
Check: Rd files
Result: NOTE
checkRd: (-1) get.miniseq.sample.files.Rd:15: Lost braces
15 | \item{file.suffix}{Regex expression for end of file name. For example, `file.suffix = '_S\\d{1,2}_.*_R1_.*'` will match R1 files.1 files.}
| ^
Flavors: r-devel-linux-x86_64-debian-clang, r-devel-linux-x86_64-debian-gcc, r-devel-linux-x86_64-fedora-clang, r-devel-linux-x86_64-fedora-gcc, r-prerel-macos-arm64, r-prerel-windows-x86_64, r-patched-linux-x86_64