Last updated on 2024-05-02 01:57:20 CEST.
Flavor | Version | Tinstall | Tcheck | Ttotal | Status | Flags |
---|---|---|---|---|---|---|
r-devel-linux-x86_64-debian-clang | 0.1.1 | 7.89 | 73.11 | 81.00 | NOTE | |
r-devel-linux-x86_64-debian-gcc | 0.1.1 | 5.00 | 53.12 | 58.12 | NOTE | |
r-devel-linux-x86_64-fedora-clang | 0.1.1 | 101.54 | NOTE | |||
r-devel-linux-x86_64-fedora-gcc | 0.1.1 | 96.19 | NOTE | |||
r-devel-windows-x86_64 | 0.1.1 | 8.00 | 68.00 | 76.00 | NOTE | |
r-patched-linux-x86_64 | 0.1.1 | 6.05 | 68.01 | 74.06 | NOTE | |
r-release-linux-x86_64 | 0.1.1 | 8.32 | 67.74 | 76.06 | NOTE | |
r-release-macos-arm64 | 0.1.1 | 31.00 | NOTE | |||
r-release-windows-x86_64 | 0.1.1 | 8.00 | 67.00 | 75.00 | NOTE | |
r-oldrel-macos-arm64 | 0.1.1 | 33.00 | NOTE | |||
r-oldrel-macos-x86_64 | 0.1.1 | 52.00 | NOTE | |||
r-oldrel-windows-x86_64 | 0.1.1 | 9.00 | 78.00 | 87.00 | NOTE |
Version: 0.1.1
Check: LazyData
Result: NOTE
'LazyData' is specified without a 'data' directory
Flavors: r-devel-linux-x86_64-debian-clang, r-devel-linux-x86_64-debian-gcc, r-devel-linux-x86_64-fedora-clang, r-devel-linux-x86_64-fedora-gcc, r-devel-windows-x86_64, r-patched-linux-x86_64, r-release-linux-x86_64, r-release-macos-arm64, r-release-windows-x86_64, r-oldrel-macos-arm64, r-oldrel-macos-x86_64, r-oldrel-windows-x86_64