Last updated on 2024-04-19 01:59:06 CEST.
Flavor | Version | Tinstall | Tcheck | Ttotal | Status | Flags |
---|---|---|---|---|---|---|
r-devel-linux-x86_64-debian-clang | 0.5 | 3.66 | 151.85 | 155.51 | OK | |
r-devel-linux-x86_64-debian-gcc | 0.5 | 2.78 | 110.18 | 112.96 | OK | |
r-devel-linux-x86_64-fedora-clang | 0.5 | 208.95 | OK | |||
r-devel-linux-x86_64-fedora-gcc | 0.5 | 206.52 | OK | |||
r-prerel-macos-arm64 | 0.5 | 38.00 | ERROR | |||
r-prerel-windows-x86_64 | 0.5 | 4.00 | 81.00 | 85.00 | OK | |
r-patched-linux-x86_64 | 0.5 | 3.20 | 89.53 | 92.73 | OK | |
r-release-linux-x86_64 | 0.5 | 3.12 | 134.96 | 138.08 | OK | |
r-release-macos-arm64 | 0.5 | 51.00 | OK | |||
r-release-macos-x86_64 | 0.5 | 71.00 | OK | |||
r-release-windows-x86_64 | 0.5 | 6.00 | 93.00 | 99.00 | OK | |
r-oldrel-macos-arm64 | 0.5 | 56.00 | OK | |||
r-oldrel-windows-x86_64 | 0.5 | 7.00 | 97.00 | 104.00 | OK |
Version: 0.5
Check: re-building of vignette outputs
Result: ERROR
Error(s) in re-building vignettes:
...
--- re-building ‘varrank.Rmd’ using knitr
Quitting from lines 110-115 [unnamed-chunk-7] (varrank.Rmd)
Error: processing vignette 'varrank.Rmd' failed with diagnostics:
cannot open file '/Volumes/Builds/packages/big-sur-arm64/Rlib/4.4/varSelRF/R/varSelRF.rdb': No such file or directory
--- failed re-building ‘varrank.Rmd’
SUMMARY: processing the following file failed:
‘varrank.Rmd’
Error: Vignette re-building failed.
Execution halted
Flavor: r-prerel-macos-arm64