CRAN Package Check Results for Package vdg

Last updated on 2020-02-20 07:52:14 CET.

Flavor Version Tinstall Tcheck Ttotal Status Flags
r-devel-linux-x86_64-debian-clang 1.2.0 12.23 475.64 487.87 OK
r-devel-linux-x86_64-debian-gcc 1.2.0 9.53 389.67 399.20 OK
r-devel-linux-x86_64-fedora-clang 1.2.0 621.36 NOTE
r-devel-linux-x86_64-fedora-gcc 1.2.0 603.47 NOTE
r-devel-windows-ix86+x86_64 1.2.0 25.00 246.00 271.00 OK
r-devel-windows-ix86+x86_64-gcc8 1.2.0 37.00 222.00 259.00 OK
r-patched-linux-x86_64 1.2.0 10.99 455.07 466.06 OK
r-patched-solaris-x86 1.2.0 308.90 OK
r-release-linux-x86_64 1.2.0 8.15 470.51 478.66 OK
r-release-windows-ix86+x86_64 1.2.0 20.00 206.00 226.00 OK
r-release-osx-x86_64 1.2.0 OK
r-oldrel-windows-ix86+x86_64 1.2.0 16.00 195.00 211.00 OK
r-oldrel-osx-x86_64 1.2.0 OK

Check Details

Version: 1.2.0
Check: compiled code
Result: NOTE
    File ‘vdg/libs/vdg.so’:
     Found no calls to: ‘R_registerRoutines’, ‘R_useDynamicSymbols’
    
    It is good practice to register native routines and to disable symbol
    search.
    
    See ‘Writing portable packages’ in the ‘Writing R Extensions’ manual.
Flavors: r-devel-linux-x86_64-fedora-clang, r-devel-linux-x86_64-fedora-gcc