CRAN Package Check Results for Package vegawidget

Last updated on 2022-01-18 01:52:17 CET.

Flavor Version Tinstall Tcheck Ttotal Status Flags
r-devel-linux-x86_64-debian-clang 0.3.3 4.38 49.28 53.66 OK
r-devel-linux-x86_64-debian-gcc 0.3.3 3.22 38.09 41.31 OK
r-devel-linux-x86_64-fedora-clang 0.3.3 65.59 NOTE
r-devel-linux-x86_64-fedora-gcc 0.3.3 53.71 OK
r-devel-windows-x86_64-new-UL 0.3.3 223.00 91.00 314.00 OK
r-devel-windows-x86_64-new-TK 0.3.3 OK
r-patched-linux-x86_64 0.3.3 4.87 48.20 53.07 OK
r-release-linux-x86_64 0.3.3 OK
r-release-macos-arm64 0.3.3 OK
r-release-macos-x86_64 0.3.3 OK
r-release-windows-ix86+x86_64 0.3.3 9.00 59.00 68.00 OK
r-oldrel-macos-x86_64 0.3.3 OK
r-oldrel-windows-ix86+x86_64 0.3.3 14.00 60.00 74.00 OK

Check Details

Version: 0.3.3
Check: Rd cross-references
Result: NOTE
    Undeclared package ‘vctrs’ in Rd xrefs
Flavor: r-devel-linux-x86_64-fedora-clang