Last updated on 2024-08-16 01:48:33 CEST.
Flavor | Version | Tinstall | Tcheck | Ttotal | Status | Flags |
---|---|---|---|---|---|---|
r-devel-linux-x86_64-debian-clang | 0.9.12 | 6.72 | 93.17 | 99.89 | OK | |
r-devel-linux-x86_64-debian-gcc | 0.9.12 | 5.49 | 68.36 | 73.85 | OK | |
r-devel-linux-x86_64-fedora-clang | 0.9.12 | 160.12 | OK | |||
r-devel-linux-x86_64-fedora-gcc | 0.9.12 | 175.56 | OK | |||
r-devel-windows-x86_64 | 0.9.12 | 10.00 | 134.00 | 144.00 | OK | |
r-patched-linux-x86_64 | 0.9.12 | 7.56 | 88.61 | 96.17 | OK | |
r-release-linux-x86_64 | 0.9.12 | 6.90 | 89.36 | 96.26 | OK | |
r-release-macos-arm64 | 0.9.12 | 46.00 | ERROR | |||
r-release-macos-x86_64 | 0.9.12 | 67.00 | ERROR | |||
r-release-windows-x86_64 | 0.9.12 | 9.00 | 134.00 | 143.00 | OK | |
r-oldrel-macos-arm64 | 0.9.12 | 72.00 | OK | |||
r-oldrel-macos-x86_64 | 0.9.12 | 139.00 | OK | |||
r-oldrel-windows-x86_64 | 0.9.12 | 12.00 | 144.00 | 156.00 | OK |
Version: 0.9.12
Check: re-building of vignette outputs
Result: ERROR
Error(s) in re-building vignettes:
...
--- re-building ‘vegdata.Rnw’ using knitr
Quitting from lines 142-143 [tax] (vegdata.Rnw)
Error: processing vignette 'vegdata.Rnw' failed with diagnostics:
Timeout was reached: [germansl.infinitenature.org] Resolving timed out after 10004 milliseconds
--- failed re-building ‘vegdata.Rnw’
SUMMARY: processing the following file failed:
‘vegdata.Rnw’
Error: Vignette re-building failed.
Execution halted
Flavor: r-release-macos-arm64
Version: 0.9.12
Check: re-building of vignette outputs
Result: ERROR
Error(s) in re-building vignettes:
...
--- re-building ‘vegdata.Rnw’ using knitr
Quitting from lines 142-143 [tax] (vegdata.Rnw)
Error: processing vignette 'vegdata.Rnw' failed with diagnostics:
Timeout was reached: [germansl.infinitenature.org] Resolving timed out after 10003 milliseconds
--- failed re-building ‘vegdata.Rnw’
SUMMARY: processing the following file failed:
‘vegdata.Rnw’
Error: Vignette re-building failed.
Execution halted
Flavor: r-release-macos-x86_64