CRAN Package Check Results for Package vegtable

Last updated on 2022-07-06 01:50:37 CEST.

Flavor Version Tinstall Tcheck Ttotal Status Flags
r-devel-linux-x86_64-debian-clang 0.1.7 14.28 122.27 136.55 OK
r-devel-linux-x86_64-debian-gcc 0.1.7 10.56 95.08 105.64 OK
r-devel-linux-x86_64-fedora-clang 0.1.7 164.12 NOTE
r-devel-linux-x86_64-fedora-gcc 0.1.7 161.82 NOTE
r-devel-windows-x86_64 0.1.7 85.00 147.00 232.00 OK
r-patched-linux-x86_64 0.1.7 20.50 115.24 135.74 OK
r-release-linux-x86_64 0.1.7 9.78 116.08 125.86 OK
r-release-macos-arm64 0.1.7 48.00 NOTE
r-release-macos-x86_64 0.1.7 82.00 NOTE
r-release-windows-x86_64 0.1.7 72.00 151.00 223.00 OK
r-oldrel-macos-arm64 0.1.7 44.00 NOTE
r-oldrel-macos-x86_64 0.1.7 57.00 NOTE
r-oldrel-windows-ix86+x86_64 0.1.7 30.00 137.00 167.00 OK

Check Details

Version: 0.1.7
Check: dependencies in R code
Result: NOTE
    Namespace in Imports field not imported from: ‘knitr’
     All declared Imports should be used.
Flavors: r-devel-linux-x86_64-fedora-clang, r-devel-linux-x86_64-fedora-gcc, r-release-macos-arm64, r-release-macos-x86_64, r-oldrel-macos-arm64, r-oldrel-macos-x86_64

Version: 0.1.7
Check: Rd cross-references
Result: NOTE
    Undeclared package ‘stringdist’ in Rd xrefs
Flavor: r-devel-linux-x86_64-fedora-clang

Version: 0.1.7
Check: data for non-ASCII characters
Result: NOTE
     Note: found 128 marked UTF-8 strings
Flavors: r-devel-linux-x86_64-fedora-clang, r-devel-linux-x86_64-fedora-gcc, r-release-macos-arm64, r-release-macos-x86_64, r-oldrel-macos-arm64, r-oldrel-macos-x86_64