CRAN Package Check Results for Package vein

Last updated on 2019-12-12 07:51:24 CET.

Flavor Version Tinstall Tcheck Ttotal Status Flags
r-devel-linux-x86_64-debian-clang 0.8.0 26.60 231.49 258.09 OK
r-devel-linux-x86_64-debian-gcc 0.8.0 21.02 171.06 192.08 OK
r-devel-linux-x86_64-fedora-clang 0.8.0 320.03 NOTE
r-devel-linux-x86_64-fedora-gcc 0.8.0 299.24 NOTE
r-devel-windows-ix86+x86_64 0.8.0 39.00 308.00 347.00 NOTE
r-devel-windows-ix86+x86_64-gcc8 0.8.0 62.00 316.00 378.00 NOTE
r-patched-linux-x86_64 0.8.0 22.40 204.42 226.82 OK
r-patched-solaris-x86 0.8.0 403.50 NOTE
r-release-linux-x86_64 0.8.0 23.23 207.38 230.61 OK
r-release-windows-ix86+x86_64 0.8.0 35.00 209.00 244.00 NOTE
r-release-osx-x86_64 0.8.0 NOTE
r-oldrel-windows-ix86+x86_64 0.8.0 26.00 215.00 241.00 NOTE
r-oldrel-osx-x86_64 0.8.0 NOTE

Check Details

Version: 0.8.0
Check: installed package size
Result: NOTE
     installed size is 7.0Mb
     sub-directories of 1Mb or more:
     R 2.5Mb
Flavors: r-devel-linux-x86_64-fedora-clang, r-devel-windows-ix86+x86_64, r-devel-windows-ix86+x86_64-gcc8, r-patched-solaris-x86, r-release-windows-ix86+x86_64, r-release-osx-x86_64, r-oldrel-windows-ix86+x86_64, r-oldrel-osx-x86_64

Version: 0.8.0
Check: dependencies in R code
Result: NOTE
    Namespace in Imports field not imported from: ‘methods’
     All declared Imports should be used.
Flavors: r-devel-linux-x86_64-fedora-clang, r-devel-linux-x86_64-fedora-gcc, r-patched-solaris-x86, r-release-osx-x86_64, r-oldrel-osx-x86_64