CRAN Package Check Results for Package venneuler

Last updated on 2025-11-13 02:52:37 CET.

Flavor Version Tinstall Tcheck Ttotal Status Flags
r-devel-linux-x86_64-debian-clang 1.1-4 3.29 34.82 38.11 NOTE
r-devel-linux-x86_64-debian-gcc 1.1-4 2.39 26.67 29.06 NOTE
r-devel-linux-x86_64-fedora-clang 1.1-4 57.83 OK
r-devel-linux-x86_64-fedora-gcc 1.1-4 55.14 OK
r-devel-windows-x86_64 1.1-4 3.00 49.00 52.00 OK
r-patched-linux-x86_64 1.1-4 2.76 33.57 36.33 OK
r-release-linux-x86_64 1.1-4 2.88 33.51 36.39 OK
r-release-macos-arm64 1.1-4 2.00 20.00 22.00 OK
r-release-macos-x86_64 1.1-4 3.00 34.00 37.00 OK
r-release-windows-x86_64 1.1-4 4.00 50.00 54.00 OK
r-oldrel-macos-arm64 1.1-4 2.00 20.00 22.00 OK
r-oldrel-macos-x86_64 1.1-4 3.00 29.00 32.00 OK
r-oldrel-windows-x86_64 1.1-4 3.00 50.00 53.00 OK

Check Details

Version: 1.1-4
Check: CRAN incoming feasibility
Result: NOTE Maintainer: ‘Simon Urbanek <simon.urbanek@r-project.org>’ No Authors@R field in DESCRIPTION. Please add one, modifying Authors@R: c(person(given = "Lee", family = "Wilkinson", role = "aut", email = "leland.wilkinson@gmail.com"), person(given = "Simon", family = "Urbanek", role = "cre", email = "simon.urbanek@r-project.org")) as necessary. Flavors: r-devel-linux-x86_64-debian-clang, r-devel-linux-x86_64-debian-gcc