Last updated on 2024-08-16 01:48:33 CEST.
Flavor | Version | Tinstall | Tcheck | Ttotal | Status | Flags |
---|---|---|---|---|---|---|
r-devel-linux-x86_64-debian-clang | 2.0.0 | 8.72 | 513.94 | 522.66 | OK | |
r-devel-linux-x86_64-debian-gcc | 2.0.0 | 6.28 | 280.99 | 287.27 | OK | |
r-devel-linux-x86_64-fedora-clang | 2.0.0 | 796.60 | NOTE | |||
r-devel-linux-x86_64-fedora-gcc | 2.0.0 | 849.02 | OK | |||
r-devel-windows-x86_64 | 2.0.0 | 12.00 | 459.00 | 471.00 | NOTE | |
r-patched-linux-x86_64 | 2.0.0 | 8.72 | 446.18 | 454.90 | OK | |
r-release-linux-x86_64 | 2.0.0 | 8.05 | 485.61 | 493.66 | OK | |
r-release-macos-arm64 | 2.0.0 | 267.00 | NOTE | |||
r-release-macos-x86_64 | 2.0.0 | 329.00 | NOTE | |||
r-release-windows-x86_64 | 2.0.0 | 14.00 | 458.00 | 472.00 | NOTE | |
r-oldrel-macos-arm64 | 2.0.0 | 300.00 | NOTE | |||
r-oldrel-macos-x86_64 | 2.0.0 | 600.00 | NOTE | |||
r-oldrel-windows-x86_64 | 2.0.0 | 15.00 | 565.00 | 580.00 | NOTE |
Version: 2.0.0
Check: installed package size
Result: NOTE
installed size is 5.3Mb
sub-directories of 1Mb or more:
doc 4.7Mb
Flavors: r-devel-linux-x86_64-fedora-clang, r-devel-windows-x86_64, r-release-macos-arm64, r-release-macos-x86_64, r-release-windows-x86_64, r-oldrel-macos-arm64, r-oldrel-macos-x86_64, r-oldrel-windows-x86_64