CRAN Package Check Results for Package viridis

Last updated on 2020-08-14 23:49:50 CEST.

Flavor Version Tinstall Tcheck Ttotal Status Flags
r-devel-linux-x86_64-debian-clang 0.5.1 4.04 54.51 58.55 OK
r-devel-linux-x86_64-debian-gcc 0.5.1 3.34 42.81 46.15 OK
r-devel-linux-x86_64-fedora-clang 0.5.1 79.42 NOTE
r-devel-linux-x86_64-fedora-gcc 0.5.1 69.60 NOTE
r-devel-windows-ix86+x86_64 0.5.1 20.00 97.00 117.00 OK --no-vignettes
r-patched-linux-x86_64 0.5.1 4.03 54.26 58.29 OK
r-patched-solaris-x86 0.5.1 110.40 NOTE
r-release-linux-x86_64 0.5.1 4.52 54.32 58.84 OK
r-release-macos-x86_64 0.5.1 NOTE
r-release-windows-ix86+x86_64 0.5.1 20.00 72.00 92.00 OK --no-vignettes
r-oldrel-macos-x86_64 0.5.1 NOTE
r-oldrel-windows-ix86+x86_64 0.5.1 9.00 98.00 107.00 OK --no-vignettes

Check Details

Version: 0.5.1
Check: dependencies in R code
Result: NOTE
    Namespace in Imports field not imported from: ‘stats’
     All declared Imports should be used.
Flavors: r-devel-linux-x86_64-fedora-clang, r-devel-linux-x86_64-fedora-gcc, r-patched-solaris-x86, r-release-macos-x86_64, r-oldrel-macos-x86_64