CRAN Package Check Results for Package viridis

Last updated on 2023-04-02 01:53:07 CEST.

Flavor Version Tinstall Tcheck Ttotal Status Flags
r-devel-linux-x86_64-debian-clang 0.6.2 5.37 76.77 82.14 OK
r-devel-linux-x86_64-debian-gcc 0.6.2 4.59 58.76 63.35 OK
r-devel-linux-x86_64-fedora-clang 0.6.2 101.83 NOTE
r-devel-linux-x86_64-fedora-gcc 0.6.2 122.28 NOTE
r-devel-windows-x86_64 0.6.2 10.00 70.00 80.00 OK --no-vignettes
r-patched-linux-x86_64 0.6.2 4.20 72.61 76.81 OK
r-release-linux-x86_64 0.6.2 3.78 75.95 79.73 OK
r-release-macos-arm64 0.6.2 37.00 NOTE
r-release-macos-x86_64 0.6.2 65.00 NOTE
r-release-windows-x86_64 0.6.2 23.00 112.00 135.00 OK --no-vignettes
r-oldrel-macos-arm64 0.6.2 38.00 NOTE
r-oldrel-macos-x86_64 0.6.2 47.00 NOTE
r-oldrel-windows-ix86+x86_64 0.6.2 14.00 154.00 168.00 OK

Check Details

Version: 0.6.2
Check: dependencies in R code
Result: NOTE
    Namespace in Imports field not imported from: ‘stats’
     All declared Imports should be used.
Flavors: r-devel-linux-x86_64-fedora-clang, r-devel-linux-x86_64-fedora-gcc, r-release-macos-arm64, r-release-macos-x86_64, r-oldrel-macos-arm64, r-oldrel-macos-x86_64