Last updated on 2024-04-19 01:59:06 CEST.
Flavor | Version | Tinstall | Tcheck | Ttotal | Status | Flags |
---|---|---|---|---|---|---|
r-devel-linux-x86_64-debian-clang | 1.0.1 | 12.60 | 555.37 | 567.97 | NOTE | |
r-devel-linux-x86_64-debian-gcc | 1.0.1 | 10.01 | 413.18 | 423.19 | NOTE | |
r-devel-linux-x86_64-fedora-clang | 1.0.1 | 711.18 | NOTE | |||
r-devel-linux-x86_64-fedora-gcc | 1.0.1 | 717.21 | NOTE | |||
r-prerel-macos-arm64 | 1.0.1 | 236.00 | NOTE | |||
r-prerel-windows-x86_64 | 1.0.1 | 12.00 | 541.00 | 553.00 | NOTE | |
r-patched-linux-x86_64 | 1.0.1 | 16.88 | 565.14 | 582.02 | NOTE | |
r-release-linux-x86_64 | 1.0.1 | 10.83 | 569.71 | 580.54 | OK | |
r-release-macos-arm64 | 1.0.1 | 278.00 | OK | |||
r-release-macos-x86_64 | 1.0.1 | 407.00 | OK | |||
r-release-windows-x86_64 | 1.0.1 | 17.00 | 540.00 | 557.00 | OK | |
r-oldrel-macos-arm64 | 1.0.1 | 246.00 | OK | |||
r-oldrel-windows-x86_64 | 1.0.1 | 17.00 | 516.00 | 533.00 | OK |
Version: 1.0.1
Check: Rd files
Result: NOTE
checkRd: (-1) simulatePopulation.Rd:75: Lost braces; missing escapes or markup?
75 | \item \strong{Pollen productivity}: In each time step the model computes the pollen productivity (in relative values) of the population using the equation \eqn{P_{t} = \sum x_{it} \times max(S_{t}, B)}, where \emph{t} is time (a given simulation time step), \emph{P} is the pollen productivity of the population at a given time, \emph{x_{i}} represents the biomass of every adult individual, \emph{S} is the environmental suitability at the given time, \emph{B} is the contribution of biomass to pollen productivity regardless of environmental suitability (\emph{pollen.control} parameter in the simulation, 0 by default). If \emph{B} equals 1, \emph{P} is equal to the total biomass sum of the adult population, regardless of the environmental suitability. If \emph{B} equals 0, pollen productivity depends entirely on environmental suitability values.
| ^
Flavors: r-devel-linux-x86_64-debian-clang, r-devel-linux-x86_64-debian-gcc, r-devel-linux-x86_64-fedora-clang, r-devel-linux-x86_64-fedora-gcc, r-prerel-macos-arm64, r-prerel-windows-x86_64, r-patched-linux-x86_64