Last updated on 2024-03-28 01:54:14 CET.
Flavor | Version | Tinstall | Tcheck | Ttotal | Status | Flags |
---|---|---|---|---|---|---|
r-devel-linux-x86_64-debian-clang | 1.2.4 | 8.22 | 103.39 | 111.61 | OK | |
r-devel-linux-x86_64-debian-gcc | 1.2.4 | 6.31 | 77.20 | 83.51 | OK | |
r-devel-linux-x86_64-fedora-clang | 1.2.4 | 139.94 | NOTE | |||
r-devel-linux-x86_64-fedora-gcc | 1.2.4 | 147.67 | OK | |||
r-devel-windows-x86_64 | 1.2.4 | 8.00 | 93.00 | 101.00 | NOTE | |
r-patched-linux-x86_64 | 1.2.4 | 9.58 | 99.84 | 109.42 | OK | |
r-release-linux-x86_64 | 1.2.4 | 5.51 | 100.31 | 105.82 | OK | |
r-release-macos-arm64 | 1.2.4 | 53.00 | NOTE | |||
r-release-macos-x86_64 | 1.2.4 | 86.00 | NOTE | |||
r-release-windows-x86_64 | 1.2.4 | 10.00 | 109.00 | 119.00 | NOTE | |
r-oldrel-macos-arm64 | 1.2.4 | 57.00 | NOTE | |||
r-oldrel-windows-x86_64 | 1.2.4 | 13.00 | 119.00 | 132.00 | NOTE |
Version: 1.2.4
Check: installed package size
Result: NOTE
installed size is 5.9Mb
sub-directories of 1Mb or more:
doc 5.5Mb
Flavors: r-devel-linux-x86_64-fedora-clang, r-devel-windows-x86_64, r-release-macos-arm64, r-release-macos-x86_64, r-release-windows-x86_64, r-oldrel-macos-arm64, r-oldrel-windows-x86_64