CRAN Package Check Results for Package visualFields

Last updated on 2022-07-04 02:53:46 CEST.

Flavor Version Tinstall Tcheck Ttotal Status Flags
r-devel-linux-x86_64-debian-clang 1.0.1 33.26 171.03 204.29 OK
r-devel-linux-x86_64-debian-gcc 1.0.1 25.65 126.24 151.89 OK
r-devel-linux-x86_64-fedora-clang 1.0.1 218.14 WARN
r-devel-linux-x86_64-fedora-gcc 1.0.1 246.69 WARN
r-devel-windows-x86_64 1.0.1 158.00 191.00 349.00 NOTE
r-patched-linux-x86_64 1.0.1 33.89 162.44 196.33 OK
r-release-linux-x86_64 1.0.1 25.91 162.37 188.28 OK
r-release-macos-arm64 1.0.1 68.00 NOTE
r-release-macos-x86_64 1.0.1 122.00 NOTE
r-release-windows-x86_64 1.0.1 87.00 181.00 268.00 NOTE
r-oldrel-macos-arm64 1.0.1 73.00 NOTE
r-oldrel-macos-x86_64 1.0.1 88.00 NOTE
r-oldrel-windows-ix86+x86_64 1.0.1 59.00 184.00 243.00 NOTE

Check Details

Version: 1.0.1
Check: package dependencies
Result: WARN
    Requires orphaned package: ‘gtools’
Flavors: r-devel-linux-x86_64-fedora-clang, r-devel-linux-x86_64-fedora-gcc

Version: 1.0.1
Check: installed package size
Result: NOTE
     installed size is 6.1Mb
     sub-directories of 1Mb or more:
     data 5.7Mb
Flavors: r-devel-linux-x86_64-fedora-clang, r-devel-windows-x86_64, r-release-macos-arm64, r-release-macos-x86_64, r-release-windows-x86_64, r-oldrel-macos-arm64, r-oldrel-macos-x86_64, r-oldrel-windows-ix86+x86_64