Last updated on 2024-04-20 01:50:17 CEST.
Flavor | Version | Tinstall | Tcheck | Ttotal | Status | Flags |
---|---|---|---|---|---|---|
r-devel-linux-x86_64-debian-clang | 1.0.0 | 31.75 | 45.86 | 77.61 | NOTE | |
r-devel-linux-x86_64-debian-gcc | 1.0.0 | NOTE | ||||
r-devel-linux-x86_64-fedora-clang | 1.0.0 | 106.71 | NOTE | |||
r-devel-linux-x86_64-fedora-gcc | 1.0.0 | 107.13 | NOTE | |||
r-prerel-macos-arm64 | 1.0.0 | 30.00 | NOTE | |||
r-prerel-windows-x86_64 | 1.0.0 | 28.00 | 77.00 | 105.00 | NOTE | |
r-patched-linux-x86_64 | 1.0.0 | 30.18 | 42.83 | 73.01 | NOTE | |
r-release-linux-x86_64 | 1.0.0 | 32.36 | 43.67 | 76.03 | NOTE | |
r-release-macos-arm64 | 1.0.0 | 34.00 | NOTE | |||
r-release-macos-x86_64 | 1.0.0 | 52.00 | NOTE | |||
r-release-windows-x86_64 | 1.0.0 | 32.00 | 85.00 | 117.00 | NOTE | |
r-oldrel-macos-arm64 | 1.0.0 | 34.00 | NOTE | |||
r-oldrel-windows-x86_64 | 1.0.0 | 33.00 | 84.00 | 117.00 | NOTE |
Version: 1.0.0
Check: LazyData
Result: NOTE
'LazyData' is specified without a 'data' directory
Flavors: r-devel-linux-x86_64-debian-clang, r-devel-linux-x86_64-debian-gcc, r-devel-linux-x86_64-fedora-clang, r-devel-linux-x86_64-fedora-gcc, r-prerel-macos-arm64, r-prerel-windows-x86_64, r-patched-linux-x86_64, r-release-linux-x86_64, r-release-macos-arm64, r-release-macos-x86_64, r-release-windows-x86_64, r-oldrel-macos-arm64, r-oldrel-windows-x86_64
Version: 1.0.0
Check: compiled code
Result: NOTE
File ‘vita/libs/vita.so’:
Found no calls to: ‘R_registerRoutines’, ‘R_useDynamicSymbols’
It is good practice to register native routines and to disable symbol
search.
See ‘Writing portable packages’ in the ‘Writing R Extensions’ manual.
Flavors: r-devel-linux-x86_64-fedora-clang, r-devel-linux-x86_64-fedora-gcc