Last updated on 2025-04-30 02:50:55 CEST.
Flavor | Version | Tinstall | Tcheck | Ttotal | Status | Flags |
---|---|---|---|---|---|---|
r-devel-linux-x86_64-debian-clang | 0.2.9 | 9.02 | 90.23 | 99.25 | NOTE | |
r-devel-linux-x86_64-debian-gcc | 0.2.9 | 7.15 | 61.71 | 68.86 | NOTE | |
r-devel-linux-x86_64-fedora-clang | 0.2.9 | 154.21 | OK | |||
r-devel-linux-x86_64-fedora-gcc | 0.2.9 | 160.29 | OK | |||
r-devel-windows-x86_64 | 0.2.9 | 11.00 | 103.00 | 114.00 | OK | |
r-patched-linux-x86_64 | 0.2.9 | 9.14 | 83.67 | 92.81 | OK | |
r-release-linux-x86_64 | 0.2.9 | 9.36 | 83.07 | 92.43 | OK | |
r-release-macos-arm64 | 0.2.9 | 64.00 | OK | |||
r-release-macos-x86_64 | 0.2.9 | 111.00 | OK | |||
r-release-windows-x86_64 | 0.2.9 | 11.00 | 102.00 | 113.00 | OK | |
r-oldrel-macos-arm64 | 0.2.9 | 65.00 | OK | |||
r-oldrel-macos-x86_64 | 0.2.9 | 142.00 | OK | |||
r-oldrel-windows-x86_64 | 0.2.9 | 15.00 | 130.00 | 145.00 | OK |
Version: 0.2.9
Check: examples
Result: NOTE
Examples with CPU (user + system) or elapsed time > 5s
user system elapsed
pdpPairs 6.862 0.158 7.993
Flavor: r-devel-linux-x86_64-debian-clang
Version: 0.2.9
Check: examples
Result: NOTE
Examples with CPU (user + system) or elapsed time > 5s
user system elapsed
pdpPairs 4.128 0.096 5.313
Flavor: r-devel-linux-x86_64-debian-gcc