Last updated on 2024-08-16 01:48:33 CEST.
Flavor | Version | Tinstall | Tcheck | Ttotal | Status | Flags |
---|---|---|---|---|---|---|
r-devel-linux-x86_64-debian-clang | 0.1.0 | 29.46 | 175.14 | 204.60 | OK | |
r-devel-linux-x86_64-debian-gcc | 0.1.0 | 25.78 | 122.38 | 148.16 | OK | |
r-devel-linux-x86_64-fedora-clang | 0.1.0 | 330.59 | NOTE | |||
r-devel-linux-x86_64-fedora-gcc | 0.1.0 | 333.99 | OK | |||
r-devel-windows-x86_64 | 0.1.0 | 33.00 | 175.00 | 208.00 | OK | |
r-patched-linux-x86_64 | 0.1.0 | 27.90 | 164.91 | 192.81 | OK | |
r-release-linux-x86_64 | 0.1.0 | 30.87 | 165.76 | 196.63 | OK | |
r-release-macos-arm64 | 0.1.0 | 93.00 | OK | |||
r-release-macos-x86_64 | 0.1.0 | 131.00 | OK | |||
r-release-windows-x86_64 | 0.1.0 | 38.00 | 174.00 | 212.00 | OK | |
r-oldrel-macos-arm64 | 0.1.0 | 107.00 | OK | |||
r-oldrel-macos-x86_64 | 0.1.0 | 173.00 | OK | |||
r-oldrel-windows-x86_64 | 0.1.0 | 45.00 | 221.00 | 266.00 | OK |
Version: 0.1.0
Check: package dependencies
Result: NOTE
Imports includes 25 non-default packages.
Importing from so many packages makes the package vulnerable to any of
them becoming unavailable. Move as many as possible to Suggests and
use conditionally.
Flavor: r-devel-linux-x86_64-fedora-clang