Last updated on 2024-04-26 01:53:29 CEST.
Flavor | Version | Tinstall | Tcheck | Ttotal | Status | Flags |
---|---|---|---|---|---|---|
r-devel-linux-x86_64-debian-clang | 0.2.0 | 1.99 | 42.85 | 44.84 | OK | |
r-devel-linux-x86_64-debian-gcc | 0.2.0 | 2.06 | 33.04 | 35.10 | OK | |
r-devel-linux-x86_64-fedora-clang | 0.2.0 | 60.47 | NOTE | |||
r-devel-linux-x86_64-fedora-gcc | 0.2.0 | 68.71 | NOTE | |||
r-devel-windows-x86_64 | 0.2.0 | 4.00 | 59.00 | 63.00 | OK | |
r-patched-linux-x86_64 | 0.2.0 | 2.87 | 40.91 | 43.78 | OK | |
r-release-linux-x86_64 | 0.2.0 | 2.64 | 40.10 | 42.74 | OK | |
r-release-macos-arm64 | 0.2.0 | 28.00 | OK | |||
r-release-windows-x86_64 | 0.2.0 | 4.00 | 58.00 | 62.00 | OK | |
r-oldrel-macos-arm64 | 0.2.0 | 28.00 | OK | |||
r-oldrel-macos-x86_64 | 0.2.0 | 44.00 | OK | |||
r-oldrel-windows-x86_64 | 0.2.0 | 5.00 | 60.00 | 65.00 | OK |
Version: 0.2.0
Check: data for non-ASCII characters
Result: NOTE
Note: found 4954 marked UTF-8 strings
Flavors: r-devel-linux-x86_64-fedora-clang, r-devel-linux-x86_64-fedora-gcc