Last updated on 2025-05-18 02:49:53 CEST.
Flavor | Version | Tinstall | Tcheck | Ttotal | Status | Flags |
---|---|---|---|---|---|---|
r-devel-linux-x86_64-debian-clang | 0.1.1 | 8.12 | 62.91 | 71.03 | OK | |
r-devel-linux-x86_64-debian-gcc | 0.1.1 | 5.44 | 44.51 | 49.95 | OK | |
r-devel-linux-x86_64-fedora-clang | 0.1.1 | 107.23 | OK | |||
r-devel-linux-x86_64-fedora-gcc | 0.1.1 | 101.81 | OK | |||
r-devel-windows-x86_64 | 0.1.1 | 8.00 | 76.00 | 84.00 | OK | |
r-patched-linux-x86_64 | 0.1.1 | 7.29 | 58.87 | 66.16 | OK | |
r-release-linux-x86_64 | 0.1.1 | 6.64 | 58.76 | 65.40 | OK | |
r-release-macos-arm64 | 0.1.1 | 32.00 | OK | |||
r-release-macos-x86_64 | 0.1.1 | 67.00 | OK | |||
r-release-windows-x86_64 | 0.1.1 | 8.00 | 74.00 | 82.00 | OK | |
r-oldrel-macos-arm64 | 0.1.1 | 30.00 | NOTE | |||
r-oldrel-macos-x86_64 | 0.1.1 | 57.00 | NOTE | |||
r-oldrel-windows-x86_64 | 0.1.1 | 11.00 | 91.00 | 102.00 | NOTE |
Version: 0.1.1
Check: LazyData
Result: NOTE
'LazyData' is specified without a 'data' directory
Flavors: r-oldrel-macos-arm64, r-oldrel-macos-x86_64, r-oldrel-windows-x86_64