Last updated on 2024-04-24 01:52:31 CEST.
Flavor | Version | Tinstall | Tcheck | Ttotal | Status | Flags |
---|---|---|---|---|---|---|
r-devel-linux-x86_64-debian-clang | 0.2.3 | 16.80 | 102.29 | 119.09 | OK | |
r-devel-linux-x86_64-debian-gcc | 0.2.3 | 11.99 | 77.77 | 89.76 | OK | |
r-devel-linux-x86_64-fedora-clang | 0.2.3 | 154.65 | NOTE | |||
r-devel-linux-x86_64-fedora-gcc | 0.2.3 | 152.74 | NOTE | |||
r-prerel-macos-arm64 | 0.2.3 | 49.00 | NOTE | |||
r-prerel-windows-x86_64 | 0.2.3 | 22.00 | 100.00 | 122.00 | NOTE | |
r-patched-linux-x86_64 | 0.2.3 | 19.55 | 98.69 | 118.24 | OK | |
r-release-linux-x86_64 | 0.2.3 | 10.97 | 98.25 | 109.22 | OK | |
r-release-macos-arm64 | 0.2.3 | 52.00 | NOTE | |||
r-release-macos-x86_64 | 0.2.3 | 85.00 | NOTE | |||
r-release-windows-x86_64 | 0.2.3 | 26.00 | 119.00 | 145.00 | NOTE | |
r-oldrel-macos-arm64 | 0.2.3 | 48.00 | NOTE | |||
r-oldrel-windows-x86_64 | 0.2.3 | 25.00 | 113.00 | 138.00 | NOTE |
Version: 0.2.3
Check: installed package size
Result: NOTE
installed size is 9.9Mb
sub-directories of 1Mb or more:
extdata 8.6Mb
Flavors: r-devel-linux-x86_64-fedora-clang, r-prerel-macos-arm64, r-prerel-windows-x86_64, r-release-macos-arm64, r-release-macos-x86_64, r-release-windows-x86_64, r-oldrel-macos-arm64, r-oldrel-windows-x86_64
Version: 0.2.3
Check: dependencies in R code
Result: NOTE
Namespace in Imports field not imported from: ‘usethis’
All declared Imports should be used.
Flavors: r-devel-linux-x86_64-fedora-clang, r-devel-linux-x86_64-fedora-gcc, r-oldrel-macos-arm64