Last updated on 2024-08-16 01:48:33 CEST.
Flavor | Version | Tinstall | Tcheck | Ttotal | Status | Flags |
---|---|---|---|---|---|---|
r-devel-linux-x86_64-debian-clang | 0.2.3 | 14.29 | 79.73 | 94.02 | NOTE | |
r-devel-linux-x86_64-debian-gcc | 0.2.3 | 9.33 | 57.22 | 66.55 | NOTE | |
r-devel-linux-x86_64-fedora-clang | 0.2.3 | 152.75 | NOTE | |||
r-devel-linux-x86_64-fedora-gcc | 0.2.3 | 162.25 | NOTE | |||
r-devel-windows-x86_64 | 0.2.3 | 21.00 | 101.00 | 122.00 | NOTE | |
r-patched-linux-x86_64 | 0.2.3 | 21.20 | 75.30 | 96.50 | OK | |
r-release-linux-x86_64 | 0.2.3 | 10.92 | 76.05 | 86.97 | OK | |
r-release-macos-arm64 | 0.2.3 | 49.00 | NOTE | |||
r-release-macos-x86_64 | 0.2.3 | 77.00 | NOTE | |||
r-release-windows-x86_64 | 0.2.3 | 23.00 | 101.00 | 124.00 | NOTE | |
r-oldrel-macos-arm64 | 0.2.3 | 52.00 | NOTE | |||
r-oldrel-macos-x86_64 | 0.2.3 | 85.00 | NOTE | |||
r-oldrel-windows-x86_64 | 0.2.3 | 25.00 | 119.00 | 144.00 | NOTE |
Version: 0.2.3
Check: Rd cross-references
Result: NOTE
Found the following Rd file(s) with Rd \link{} targets missing package
anchors:
ctd_cast.Rd: ctdFindProfiles
vpr_manual_classification.Rd: image_scale
Please provide package anchors for all Rd \link{} targets not in the
package itself and the base packages.
Flavors: r-devel-linux-x86_64-debian-clang, r-devel-linux-x86_64-debian-gcc, r-devel-windows-x86_64
Version: 0.2.3
Check: installed package size
Result: NOTE
installed size is 9.9Mb
sub-directories of 1Mb or more:
extdata 8.6Mb
Flavors: r-devel-linux-x86_64-fedora-clang, r-devel-windows-x86_64, r-release-macos-arm64, r-release-macos-x86_64, r-release-windows-x86_64, r-oldrel-macos-arm64, r-oldrel-macos-x86_64, r-oldrel-windows-x86_64
Version: 0.2.3
Check: dependencies in R code
Result: NOTE
Namespace in Imports field not imported from: ‘usethis’
All declared Imports should be used.
Flavors: r-devel-linux-x86_64-fedora-clang, r-devel-linux-x86_64-fedora-gcc