Last updated on 2024-04-24 01:52:31 CEST.
Flavor | Version | Tinstall | Tcheck | Ttotal | Status | Flags |
---|---|---|---|---|---|---|
r-devel-linux-x86_64-debian-clang | 0.2.5 | 9.34 | 51.83 | 61.17 | OK | |
r-devel-linux-x86_64-debian-gcc | 0.2.5 | 6.73 | 39.49 | 46.22 | OK | |
r-devel-linux-x86_64-fedora-clang | 0.2.5 | 78.02 | NOTE | |||
r-devel-linux-x86_64-fedora-gcc | 0.2.5 | 87.05 | NOTE | |||
r-prerel-macos-arm64 | 0.2.5 | 30.00 | OK | |||
r-prerel-windows-x86_64 | 0.2.5 | 10.00 | 63.00 | 73.00 | OK | |
r-patched-linux-x86_64 | 0.2.5 | 8.95 | 50.33 | 59.28 | OK | |
r-release-linux-x86_64 | 0.2.5 | 7.50 | 49.00 | 56.50 | OK | |
r-release-macos-arm64 | 0.2.5 | 33.00 | OK | |||
r-release-macos-x86_64 | 0.2.5 | 49.00 | OK | |||
r-release-windows-x86_64 | 0.2.5 | 12.00 | 70.00 | 82.00 | OK | |
r-oldrel-macos-arm64 | 0.2.5 | 25.00 | NOTE | |||
r-oldrel-windows-x86_64 | 0.2.5 | 13.00 | 73.00 | 86.00 | OK |
Version: 0.2.5
Check: dependencies in R code
Result: NOTE
Namespace in Imports field not imported from: ‘R6’
All declared Imports should be used.
Flavors: r-devel-linux-x86_64-fedora-clang, r-devel-linux-x86_64-fedora-gcc, r-oldrel-macos-arm64