Last updated on 2025-05-06 02:50:36 CEST.
Flavor | Version | Tinstall | Tcheck | Ttotal | Status | Flags |
---|---|---|---|---|---|---|
r-devel-linux-x86_64-debian-clang | 1.0.10 | 510.63 | 244.29 | 754.92 | OK | |
r-devel-linux-x86_64-debian-gcc | 1.0.10 | 497.10 | 212.98 | 710.08 | OK | |
r-devel-linux-x86_64-fedora-clang | 1.0.10 | 1148.18 | OK | |||
r-devel-linux-x86_64-fedora-gcc | 1.0.10 | 1690.14 | OK | |||
r-devel-windows-x86_64 | 1.0.10 | 576.00 | 286.00 | 862.00 | OK | |
r-patched-linux-x86_64 | 1.0.10 | 585.19 | 291.52 | 876.71 | OK | |
r-release-linux-x86_64 | 1.0.10 | 579.49 | 291.80 | 871.29 | OK | |
r-release-macos-arm64 | 1.0.10 | 304.00 | OK | |||
r-release-macos-x86_64 | 1.0.10 | 373.00 | OK | |||
r-release-windows-x86_64 | 1.0.10 | 568.00 | 286.00 | 854.00 | OK | |
r-oldrel-macos-arm64 | 1.0.10 | 167.00 | NOTE | |||
r-oldrel-macos-x86_64 | 1.0.10 | 190.00 | NOTE | |||
r-oldrel-windows-x86_64 | 1.0.10 | 644.00 | 390.00 | 1034.00 | NOTE |
Version: 1.0.10
Check: installed package size
Result: NOTE
installed size is 115.6Mb
sub-directories of 1Mb or more:
libs 114.2Mb
Flavors: r-oldrel-macos-arm64, r-oldrel-macos-x86_64, r-oldrel-windows-x86_64
Version: 1.0.10
Check: for GNU extensions in Makefiles
Result: NOTE
GNU make is a SystemRequirements.
Flavors: r-oldrel-macos-arm64, r-oldrel-macos-x86_64