Last updated on 2024-04-19 01:59:06 CEST.
Flavor | Version | Tinstall | Tcheck | Ttotal | Status | Flags |
---|---|---|---|---|---|---|
r-devel-linux-x86_64-debian-clang | 1.0.8 | 705.36 | 326.00 | 1031.36 | OK | |
r-devel-linux-x86_64-debian-gcc | 1.0.8 | 636.83 | 283.31 | 920.14 | OK | |
r-devel-linux-x86_64-fedora-clang | 1.0.8 | 1260.67 | NOTE | |||
r-devel-linux-x86_64-fedora-gcc | 1.0.8 | 1629.37 | NOTE | |||
r-prerel-macos-arm64 | 1.0.8 | 290.00 | NOTE | |||
r-prerel-windows-x86_64 | 1.0.8 | 541.00 | 289.00 | 830.00 | NOTE | |
r-patched-linux-x86_64 | 1.0.8 | 544.02 | 375.96 | 919.98 | OK | |
r-release-linux-x86_64 | 1.0.8 | 655.35 | 383.39 | 1038.74 | OK | |
r-release-macos-arm64 | 1.0.8 | 532.00 | NOTE | |||
r-release-macos-x86_64 | 1.0.8 | 761.00 | NOTE | |||
r-release-windows-x86_64 | 1.0.8 | 687.00 | 362.00 | 1049.00 | NOTE | |
r-oldrel-macos-arm64 | 1.0.8 | 396.00 | NOTE | |||
r-oldrel-windows-x86_64 | 1.0.8 | 656.00 | 340.00 | 996.00 | NOTE |
Version: 1.0.8
Check: installed package size
Result: NOTE
installed size is 7.3Mb
sub-directories of 1Mb or more:
libs 5.9Mb
Flavors: r-devel-linux-x86_64-fedora-clang, r-prerel-macos-arm64, r-prerel-windows-x86_64, r-release-macos-arm64, r-release-macos-x86_64, r-release-windows-x86_64, r-oldrel-macos-arm64, r-oldrel-windows-x86_64
Version: 1.0.8
Check: for GNU extensions in Makefiles
Result: NOTE
GNU make is a SystemRequirements.
Flavors: r-devel-linux-x86_64-fedora-clang, r-devel-linux-x86_64-fedora-gcc, r-prerel-macos-arm64, r-release-macos-arm64, r-release-macos-x86_64, r-oldrel-macos-arm64