CRAN Package Check Results for Package walrus

Last updated on 2022-10-01 01:49:20 CEST.

Flavor Version Tinstall Tcheck Ttotal Status Flags
r-devel-linux-x86_64-debian-clang 1.0.5 19.80 38.50 58.30 OK
r-devel-linux-x86_64-debian-gcc 1.0.5 14.31 29.65 43.96 OK
r-devel-linux-x86_64-fedora-clang 1.0.5 83.19 NOTE
r-devel-linux-x86_64-fedora-gcc 1.0.5 80.41 NOTE
r-devel-windows-x86_64 1.0.5 23.00 66.00 89.00 OK
r-patched-linux-x86_64 1.0.5 17.28 36.46 53.74 OK
r-release-linux-x86_64 1.0.5 15.02 36.82 51.84 OK
r-release-macos-arm64 1.0.5 26.00 NOTE
r-release-macos-x86_64 1.0.5 32.00 NOTE
r-release-windows-x86_64 1.0.5 23.00 67.00 90.00 OK
r-oldrel-macos-arm64 1.0.5 26.00 NOTE
r-oldrel-macos-x86_64 1.0.5 37.00 NOTE
r-oldrel-windows-ix86+x86_64 1.0.5 29.00 60.00 89.00 OK

Check Details

Version: 1.0.5
Check: dependencies in R code
Result: NOTE
    Namespaces in Imports field not imported from:
     ‘R6’ ‘WRS2’ ‘ggplot2’
     All declared Imports should be used.
Flavors: r-devel-linux-x86_64-fedora-clang, r-devel-linux-x86_64-fedora-gcc, r-release-macos-arm64, r-release-macos-x86_64, r-oldrel-macos-arm64, r-oldrel-macos-x86_64